Last updated on 2025-10-21 12:50:03 CEST.
Flavor | Version | Tinstall | Tcheck | Ttotal | Status | Flags |
---|---|---|---|---|---|---|
r-devel-linux-x86_64-debian-clang | 2025.09.17 | 206.41 | 340.88 | 547.29 | NOTE | |
r-devel-linux-x86_64-debian-gcc | 2025.09.17 | 128.33 | 216.37 | 344.70 | NOTE | |
r-devel-linux-x86_64-fedora-clang | 2025.09.17 | 660.00 | 307.63 | 967.63 | OK | |
r-devel-linux-x86_64-fedora-gcc | 2025.09.17 | 720.00 | 216.66 | 936.66 | OK | |
r-devel-windows-x86_64 | 2025.09.17 | 220.00 | 344.00 | 564.00 | OK | |
r-patched-linux-x86_64 | 2025.09.17 | 189.72 | 315.56 | 505.28 | OK | |
r-release-linux-x86_64 | 2025.09.17 | 192.85 | 311.43 | 504.28 | OK | |
r-release-macos-arm64 | 2025.09.17 | 74.00 | 141.00 | 215.00 | OK | |
r-release-macos-x86_64 | 2025.09.17 | 92.00 | 303.00 | 395.00 | OK | |
r-release-windows-x86_64 | 2025.09.17 | 217.00 | 327.00 | 544.00 | OK | |
r-oldrel-macos-arm64 | 2025.09.17 | 73.00 | 130.00 | 203.00 | NOTE | |
r-oldrel-macos-x86_64 | 2025.09.17 | 386.00 | NOTE | |||
r-oldrel-windows-x86_64 | 2025.09.17 | 268.00 | 442.00 | 710.00 | OK |
Version: 2025.09.17
Check: HTML version of manual
Result: NOTE
Found the following HTML validation problems:
Hal9001.html:58:1 (Hal9001.Rd:16): Warning: missing </ul> before </div>
SmcFcs.html:72:1 (SmcFcs.Rd:24): Warning: missing </ul> before </div>
as.data.table.ate.html:72:1 (as.data.table.ate.Rd:27): Warning: missing </ul> before </div>
as.data.table.influenceTest.html:59:1 (as.data.table.influenceTest.Rd:16): Warning: missing </ul> before </div>
as.data.table.predictCSC.html:59:1 (as.data.table.predictCSC.Rd:16): Warning: missing </ul> before </div>
as.data.table.predictCox.html:59:1 (as.data.table.predictCox.Rd:16): Warning: missing </ul> before </div>
coef.CauseSpecificCox.html:51:1 (coef.CauseSpecificCox.Rd:12): Warning: missing </ul> before </div>
coef.riskRegression.html:59:1 (coef.riskRegression.Rd:16): Warning: missing </ul> before </div>
coef.wglm.html:59:1 (coef.wglm.Rd:16): Warning: missing </ul> before </div>
confint.wglm.html:68:1 (confint.wglm.Rd:21): Warning: missing </ul> before </div>
dicreteRoot.html:68:1 (dicreteRoot.Rd:24): Warning: missing </ul> before </div>
iid.wglm.html:63:1 (iid.wglm.Rd:18): Warning: missing </ul> before </div>
information.wglm.html:59:1 (information.wglm.Rd:16): Warning: missing </ul> before </div>
is.iidCox.html:46:1 (is.iidCox.Rd:10): Warning: missing </ul> before </div>
model.matrix.cph.html:55:1 (model.matrix.cph.Rd:14): Warning: missing </ul> before </div>
model.tables.wglm.html:64:1 (model.tables.wglm.Rd:19): Warning: missing </ul> before </div>
predictCoxPL.html:53:1 (predictCoxPL.Rd:14): Warning: missing </ul> before </div>
print.CauseSpecificCox.html:51:1 (print.CauseSpecificCox.Rd:12): Warning: missing </ul> before </div>
print.FGR.html:51:1 (print.FGR.Rd:12): Warning: missing </ul> before </div>
print.GLMnet.html:51:1 (print.GLMnet.Rd:12): Warning: missing </ul> before </div>
print.Score.html:55:1 (print.Score.Rd:14): Warning: missing </ul> before </div>
print.riskRegression.html:72:1 (print.riskRegression.Rd:23): Warning: missing </ul> before </div>
print.subjectWeights.html:55:1 (print.subjectWeights.Rd:14): Warning: missing </ul> before </div>
print.synth_code.html:57:1 (print.synth_code.Rd:16): Warning: missing </ul> before </div>
score.wglm.html:63:1 (score.wglm.Rd:18): Warning: missing </ul> before </div>
summary.FGR.html:51:1 (summary.FGR.Rd:12): Warning: missing </ul> before </div>
summary.riskRegression.html:79:1 (summary.riskRegression.Rd:30): Warning: missing </ul> before </div>
terms.phreg.html:51:1 (terms.phreg.Rd:12): Warning: missing </ul> before </div>
vcov.wglm.html:64:1 (vcov.wglm.Rd:19): Warning: missing </ul> before </div>
weights.wglm.html:63:1 (weights.wglm.Rd:18): Warning: missing </ul> before </div>
Flavors: r-devel-linux-x86_64-debian-clang, r-devel-linux-x86_64-debian-gcc
Version: 2025.09.17
Check: installed package size
Result: NOTE
installed size is 12.0Mb
sub-directories of 1Mb or more:
R 2.0Mb
libs 9.4Mb
Flavors: r-oldrel-macos-arm64, r-oldrel-macos-x86_64