CRAN Package Check Results for Package rjqpd

Last updated on 2025-07-08 13:49:18 CEST.

Flavor Version Tinstall Tcheck Ttotal Status Flags
r-devel-linux-x86_64-debian-clang 0.2.3 2.02 21.60 23.62 OK
r-devel-linux-x86_64-debian-gcc 0.2.3 1.49 18.60 20.09 OK
r-devel-linux-x86_64-fedora-clang 0.2.3 35.02 OK
r-devel-linux-x86_64-fedora-gcc 0.2.3 32.78 OK
r-devel-windows-x86_64 0.2.3 3.00 43.00 46.00 OK
r-patched-linux-x86_64 0.2.3 2.15 19.50 21.65 OK
r-release-linux-x86_64 0.2.3 1.88 19.52 21.40 OK
r-release-macos-arm64 0.2.3 17.00 OK
r-release-macos-x86_64 0.2.3 26.00 OK
r-release-windows-x86_64 0.2.3 3.00 42.00 45.00 OK
r-oldrel-macos-arm64 0.2.3 14.00 NOTE
r-oldrel-macos-x86_64 0.2.3 22.00 NOTE
r-oldrel-windows-x86_64 0.2.3 4.00 46.00 50.00 NOTE

Check Details

Version: 0.2.3
Check: LazyData
Result: NOTE 'LazyData' is specified without a 'data' directory Flavors: r-oldrel-macos-arm64, r-oldrel-macos-x86_64, r-oldrel-windows-x86_64