Last updated on 2025-10-31 13:51:00 CET.
| Flavor | Version | Tinstall | Tcheck | Ttotal | Status | Flags | 
|---|---|---|---|---|---|---|
| r-devel-linux-x86_64-debian-clang | 0.9-2.3 | 281.73 | 238.55 | 520.28 | OK | |
| r-devel-linux-x86_64-debian-gcc | 0.9-2.3 | 210.55 | 166.43 | 376.98 | OK | |
| r-devel-linux-x86_64-fedora-clang | 0.9-2.3 | 206.00 | 757.66 | 963.66 | OK | |
| r-devel-linux-x86_64-fedora-gcc | 0.9-2.3 | 780.00 | 202.85 | 982.85 | OK | |
| r-devel-windows-x86_64 | 0.9-2.3 | 366.00 | 287.00 | 653.00 | OK | |
| r-patched-linux-x86_64 | 0.9-2.3 | 318.36 | 219.77 | 538.13 | OK | |
| r-release-linux-x86_64 | 0.9-2.3 | 321.72 | 219.94 | 541.66 | OK | |
| r-release-macos-arm64 | 0.9-2.3 | 103.00 | 100.00 | 203.00 | OK | |
| r-release-macos-x86_64 | 0.9-2.3 | 135.00 | 211.00 | 346.00 | OK | |
| r-release-windows-x86_64 | 0.9-2.3 | 446.00 | 275.00 | 721.00 | OK | |
| r-oldrel-macos-arm64 | 0.9-2.3 | 101.00 | 103.00 | 204.00 | NOTE | |
| r-oldrel-macos-x86_64 | 0.9-2.3 | 119.00 | 209.00 | 328.00 | NOTE | |
| r-oldrel-windows-x86_64 | 0.9-2.3 | 464.00 | 359.00 | 823.00 | NOTE | 
Version: 0.9-2.3
Check: installed package size
Result: NOTE
    installed size is 71.7Mb
    sub-directories of 1Mb or more:
      include   7.3Mb
      lib      37.7Mb
      libs     26.2Mb
Flavors: r-oldrel-macos-arm64, r-oldrel-macos-x86_64, r-oldrel-windows-x86_64
Version: 0.9-2.3
Check: for GNU extensions in Makefiles
Result: NOTE
  GNU make is a SystemRequirements.
Flavors: r-oldrel-macos-arm64, r-oldrel-macos-x86_64, r-oldrel-windows-x86_64