Last updated on 2025-10-31 13:51:00 CET.
| Flavor | Version | Tinstall | Tcheck | Ttotal | Status | Flags | 
|---|---|---|---|---|---|---|
| r-devel-linux-x86_64-debian-clang | 0.1.0 | 1.52 | 21.40 | 22.92 | OK | |
| r-devel-linux-x86_64-debian-gcc | 0.1.0 | 1.27 | 17.94 | 19.21 | OK | |
| r-devel-linux-x86_64-fedora-clang | 0.1.0 | 31.28 | OK | |||
| r-devel-linux-x86_64-fedora-gcc | 0.1.0 | 31.59 | OK | |||
| r-devel-windows-x86_64 | 0.1.0 | 4.00 | 39.00 | 43.00 | OK | |
| r-patched-linux-x86_64 | 0.1.0 | 1.65 | 18.49 | 20.14 | OK | |
| r-release-linux-x86_64 | 0.1.0 | 1.49 | 18.81 | 20.30 | OK | |
| r-release-macos-arm64 | 0.1.0 | 1.00 | 15.00 | 16.00 | OK | |
| r-release-macos-x86_64 | 0.1.0 | 2.00 | 29.00 | 31.00 | OK | |
| r-release-windows-x86_64 | 0.1.0 | 4.00 | 39.00 | 43.00 | OK | |
| r-oldrel-macos-arm64 | 0.1.0 | 1.00 | 12.00 | 13.00 | NOTE | |
| r-oldrel-macos-x86_64 | 0.1.0 | 2.00 | 23.00 | 25.00 | NOTE | |
| r-oldrel-windows-x86_64 | 0.1.0 | 3.00 | 43.00 | 46.00 | NOTE | 
Version: 0.1.0
Check: LazyData
Result: NOTE
    'LazyData' is specified without a 'data' directory
Flavors: r-oldrel-macos-arm64, r-oldrel-macos-x86_64, r-oldrel-windows-x86_64