Last updated on 2025-11-27 13:48:47 CET.
| Flavor | Version | Tinstall | Tcheck | Ttotal | Status | Flags |
|---|---|---|---|---|---|---|
| r-devel-linux-x86_64-debian-clang | 0.4.1 | 2.54 | 34.09 | 36.63 | NOTE | |
| r-devel-linux-x86_64-debian-gcc | 0.4.1 | 1.95 | 27.42 | 29.37 | NOTE | |
| r-devel-linux-x86_64-fedora-clang | 0.4.1 | 51.92 | OK | |||
| r-devel-linux-x86_64-fedora-gcc | 0.4.1 | 66.27 | OK | |||
| r-devel-windows-x86_64 | 0.4.1 | 6.00 | 60.00 | 66.00 | OK | |
| r-patched-linux-x86_64 | 0.4.1 | 1.98 | 31.36 | 33.34 | OK | |
| r-release-linux-x86_64 | 0.4.1 | 2.18 | 31.21 | 33.39 | OK | |
| r-release-macos-arm64 | 0.4.1 | OK | ||||
| r-release-macos-x86_64 | 0.4.1 | 3.00 | 90.00 | 93.00 | OK | |
| r-release-windows-x86_64 | 0.4.1 | 4.00 | 62.00 | 66.00 | OK | |
| r-oldrel-macos-arm64 | 0.4.1 | NOTE | ||||
| r-oldrel-macos-x86_64 | 0.4.1 | 2.00 | 37.00 | 39.00 | NOTE | |
| r-oldrel-windows-x86_64 | 0.4.1 | 6.00 | 67.00 | 73.00 | NOTE |
Version: 0.4.1
Check: CRAN incoming feasibility
Result: NOTE
Maintainer: ‘Johan Larsson <johanlarsson@outlook.com>’
Package CITATION file contains call(s) to old-style personList() or
as.personList(). Please use c() on person objects instead.
Flavors: r-devel-linux-x86_64-debian-clang, r-devel-linux-x86_64-debian-gcc
Version: 0.4.1
Check: LazyData
Result: NOTE
'LazyData' is specified without a 'data' directory
Flavors: r-oldrel-macos-arm64, r-oldrel-macos-x86_64, r-oldrel-windows-x86_64