Last updated on 2025-11-28 00:50:03 CET.
| Flavor | Version | Tinstall | Tcheck | Ttotal | Status | Flags |
|---|---|---|---|---|---|---|
| r-devel-linux-x86_64-debian-clang | 0.2.2 | 13.63 | 23.47 | 37.10 | NOTE | |
| r-devel-linux-x86_64-debian-gcc | 0.2.2 | 7.81 | 19.05 | 26.86 | NOTE | |
| r-devel-linux-x86_64-fedora-clang | 0.2.2 | 36.00 | 21.60 | 57.60 | NOTE | |
| r-devel-linux-x86_64-fedora-gcc | 0.2.2 | 28.00 | 25.85 | 53.85 | NOTE | |
| r-devel-windows-x86_64 | 0.2.2 | 20.00 | 57.00 | 77.00 | NOTE | |
| r-patched-linux-x86_64 | 0.2.2 | 10.52 | 21.90 | 32.42 | NOTE | |
| r-release-linux-x86_64 | 0.2.2 | 11.18 | 21.90 | 33.08 | NOTE | |
| r-release-macos-arm64 | 0.2.2 | NOTE | ||||
| r-release-macos-x86_64 | 0.2.2 | 12.00 | 24.00 | 36.00 | NOTE | |
| r-release-windows-x86_64 | 0.2.2 | 16.00 | 66.00 | 82.00 | NOTE | |
| r-oldrel-macos-arm64 | 0.2.2 | NOTE | ||||
| r-oldrel-macos-x86_64 | 0.2.2 | 9.00 | 21.00 | 30.00 | NOTE | |
| r-oldrel-windows-x86_64 | 0.2.2 | 17.00 | 71.00 | 88.00 | NOTE |
Version: 0.2.2
Check: C++ specification
Result: NOTE
Specified C++11: please drop specification unless essential
Flavors: r-devel-linux-x86_64-debian-clang, r-devel-windows-x86_64, r-patched-linux-x86_64, r-release-linux-x86_64, r-release-macos-arm64, r-release-macos-x86_64, r-release-windows-x86_64, r-oldrel-macos-arm64, r-oldrel-macos-x86_64, r-oldrel-windows-x86_64
Version: 0.2.2
Check: C++ specification
Result: NOTE
Specified C++11: support will be removed soon
Flavors: r-devel-linux-x86_64-debian-gcc, r-devel-linux-x86_64-fedora-clang, r-devel-linux-x86_64-fedora-gcc