CRAN Package Check Results for Package rmsfuns

Last updated on 2025-07-08 13:49:18 CEST.

Flavor Version Tinstall Tcheck Ttotal Status Flags
r-devel-linux-x86_64-debian-clang 1.0.0.1 4.64 40.61 45.25 OK
r-devel-linux-x86_64-debian-gcc 1.0.0.1 3.99 31.23 35.22 OK
r-devel-linux-x86_64-fedora-clang 1.0.0.1 73.82 OK
r-devel-linux-x86_64-fedora-gcc 1.0.0.1 81.45 OK
r-devel-windows-x86_64 1.0.0.1 7.00 59.00 66.00 OK
r-patched-linux-x86_64 1.0.0.1 3.89 38.49 42.38 OK
r-release-linux-x86_64 1.0.0.1 4.57 38.17 42.74 OK
r-release-macos-arm64 1.0.0.1 31.00 OK
r-release-macos-x86_64 1.0.0.1 127.00 OK
r-release-windows-x86_64 1.0.0.1 7.00 57.00 64.00 OK
r-oldrel-macos-arm64 1.0.0.1 31.00 NOTE
r-oldrel-macos-x86_64 1.0.0.1 83.00 NOTE
r-oldrel-windows-x86_64 1.0.0.1 8.00 68.00 76.00 NOTE

Check Details

Version: 1.0.0.1
Check: LazyData
Result: NOTE 'LazyData' is specified without a 'data' directory Flavors: r-oldrel-macos-arm64, r-oldrel-macos-x86_64, r-oldrel-windows-x86_64