Last updated on 2024-07-18 01:55:41 CEST.
Flavor | Version | Tinstall | Tcheck | Ttotal | Status | Flags |
---|---|---|---|---|---|---|
r-devel-linux-x86_64-debian-clang | 0.0-7 | 14.34 | 105.18 | 119.52 | OK | |
r-devel-linux-x86_64-debian-gcc | 0.0-7 | 10.68 | 77.47 | 88.15 | OK | |
r-devel-linux-x86_64-fedora-clang | 0.0-7 | 146.93 | OK | |||
r-devel-linux-x86_64-fedora-gcc | 0.0-7 | 136.31 | OK | |||
r-devel-windows-x86_64 | 0.0-7 | 11.00 | 88.00 | 99.00 | NOTE | |
r-patched-linux-x86_64 | 0.0-7 | 15.50 | 99.13 | 114.63 | OK | |
r-release-linux-x86_64 | 0.0-7 | 8.75 | 99.80 | 108.55 | OK | |
r-release-macos-arm64 | 0.0-7 | 42.00 | OK | |||
r-release-macos-x86_64 | 0.0-7 | 62.00 | OK | |||
r-release-windows-x86_64 | 0.0-7 | 10.00 | 89.00 | 99.00 | OK | |
r-oldrel-macos-arm64 | 0.0-7 | 47.00 | OK | |||
r-oldrel-macos-x86_64 | 0.0-7 | 75.00 | OK | |||
r-oldrel-windows-x86_64 | 0.0-7 | 14.00 | 108.00 | 122.00 | OK |
Version: 0.0-7
Check: Rd cross-references
Result: NOTE
Found the following Rd file(s) with Rd \link{} targets missing package
anchors:
surerob.Rd: lmrob
Please provide package anchors for all Rd \link{} targets not in the
package itself and the base packages.
Flavor: r-devel-windows-x86_64