Last updated on 2024-05-28 12:56:27 CEST.
Flavor | Version | Tinstall | Tcheck | Ttotal | Status | Flags |
---|---|---|---|---|---|---|
r-devel-linux-x86_64-debian-clang | 1.0 | 2.05 | 21.25 | 23.30 | NOTE | |
r-devel-linux-x86_64-debian-gcc | 1.0 | 1.69 | 16.28 | 17.97 | NOTE | |
r-devel-linux-x86_64-fedora-clang | 1.0 | 29.64 | NOTE | |||
r-devel-linux-x86_64-fedora-gcc | 1.0 | 27.45 | NOTE | |||
r-devel-windows-x86_64 | 1.0 | 2.00 | 42.00 | 44.00 | NOTE | |
r-patched-linux-x86_64 | 1.0 | 2.01 | 19.91 | 21.92 | NOTE | |
r-release-linux-x86_64 | 1.0 | 2.07 | 20.58 | 22.65 | NOTE | |
r-release-macos-arm64 | 1.0 | 14.00 | NOTE | |||
r-release-windows-x86_64 | 1.0 | 2.00 | 35.00 | 37.00 | NOTE | |
r-oldrel-macos-arm64 | 1.0 | 13.00 | NOTE | |||
r-oldrel-macos-x86_64 | 1.0 | 17.00 | NOTE | |||
r-oldrel-windows-x86_64 | 1.0 | 3.00 | 35.00 | 38.00 | NOTE |
Version: 1.0
Check: LazyData
Result: NOTE
'LazyData' is specified without a 'data' directory
Flavors: r-devel-linux-x86_64-debian-clang, r-devel-linux-x86_64-debian-gcc, r-devel-linux-x86_64-fedora-clang, r-devel-linux-x86_64-fedora-gcc, r-devel-windows-x86_64, r-patched-linux-x86_64, r-release-linux-x86_64, r-release-macos-arm64, r-release-windows-x86_64, r-oldrel-macos-arm64, r-oldrel-macos-x86_64, r-oldrel-windows-x86_64