Last updated on 2024-07-18 01:55:41 CEST.
Flavor | Version | Tinstall | Tcheck | Ttotal | Status | Flags |
---|---|---|---|---|---|---|
r-devel-linux-x86_64-debian-clang | 0.1.0 | 5.93 | 45.20 | 51.13 | NOTE | |
r-devel-linux-x86_64-debian-gcc | 0.1.0 | 3.43 | 34.21 | 37.64 | NOTE | |
r-devel-linux-x86_64-fedora-clang | 0.1.0 | 62.28 | NOTE | |||
r-devel-linux-x86_64-fedora-gcc | 0.1.0 | 58.71 | NOTE | |||
r-devel-windows-x86_64 | 0.1.0 | 5.00 | 52.00 | 57.00 | NOTE | |
r-patched-linux-x86_64 | 0.1.0 | 4.39 | 43.44 | 47.83 | NOTE | |
r-release-linux-x86_64 | 0.1.0 | 4.51 | 44.23 | 48.74 | NOTE | |
r-release-macos-arm64 | 0.1.0 | 22.00 | NOTE | |||
r-release-macos-x86_64 | 0.1.0 | 35.00 | NOTE | |||
r-release-windows-x86_64 | 0.1.0 | 4.00 | 51.00 | 55.00 | NOTE | |
r-oldrel-macos-arm64 | 0.1.0 | 23.00 | NOTE | |||
r-oldrel-macos-x86_64 | 0.1.0 | 34.00 | NOTE | |||
r-oldrel-windows-x86_64 | 0.1.0 | 7.00 | 57.00 | 64.00 | NOTE |
Version: 0.1.0
Check: LazyData
Result: NOTE
'LazyData' is specified without a 'data' directory
Flavors: r-devel-linux-x86_64-debian-clang, r-devel-linux-x86_64-debian-gcc, r-devel-linux-x86_64-fedora-clang, r-devel-linux-x86_64-fedora-gcc, r-devel-windows-x86_64, r-patched-linux-x86_64, r-release-linux-x86_64, r-release-macos-arm64, r-release-macos-x86_64, r-release-windows-x86_64, r-oldrel-macos-arm64, r-oldrel-macos-x86_64, r-oldrel-windows-x86_64