Last updated on 2025-11-27 13:48:47 CET.
| Flavor | Version | Tinstall | Tcheck | Ttotal | Status | Flags |
|---|---|---|---|---|---|---|
| r-devel-linux-x86_64-debian-clang | 1.0.0 | 35.57 | 163.09 | 198.66 | WARN | |
| r-devel-linux-x86_64-debian-gcc | 1.0.0 | 24.07 | 106.62 | 130.69 | WARN | |
| r-devel-linux-x86_64-fedora-clang | 1.0.0 | 72.00 | 243.44 | 315.44 | NOTE | |
| r-devel-linux-x86_64-fedora-gcc | 1.0.0 | 77.00 | 258.47 | 335.47 | NOTE | |
| r-devel-windows-x86_64 | 1.0.0 | 55.00 | 173.00 | 228.00 | OK | |
| r-patched-linux-x86_64 | 1.0.0 | 32.92 | 157.84 | 190.76 | NOTE | |
| r-release-linux-x86_64 | 1.0.0 | 32.36 | 156.92 | 189.28 | NOTE | |
| r-release-macos-arm64 | 1.0.0 | NOTE | ||||
| r-release-macos-x86_64 | 1.0.0 | 36.00 | 131.00 | 167.00 | NOTE | |
| r-release-windows-x86_64 | 1.0.0 | 41.00 | 173.00 | 214.00 | OK | |
| r-oldrel-macos-arm64 | 1.0.0 | NOTE | ||||
| r-oldrel-macos-x86_64 | 1.0.0 | 19.00 | 100.00 | 119.00 | NOTE | |
| r-oldrel-windows-x86_64 | 1.0.0 | 53.00 | 236.00 | 289.00 | OK |
Version: 1.0.0
Check: CRAN incoming feasibility
Result: NOTE
Maintainer: ‘Fabio Centofanti <fabio.centofanti@unina.it>’
The Description field contains
described in Centofanti et al. (2021) <arXiv:2112.10643>. It allows
Please refer to arXiv e-prints via their arXiv DOI <doi:10.48550/arXiv.YYMM.NNNNN>.
Flavors: r-devel-linux-x86_64-debian-clang, r-devel-linux-x86_64-debian-gcc
Version: 1.0.0
Check: whether package can be installed
Result: WARN
Found the following significant warnings:
/home/hornik/tmp/R.check/r-devel-clang/Work/build/Packages/RcppArmadillo/include/RcppArmadillo/version/arma.h:66:17: warning: Using fallback compilation with Armadillo 14.6.3. Please consider defining -DARMA_USE_CURRENT and also removing C++11 compilation directive. See GitHub issue #475 for more. [-W#pragma-messages]
See ‘/home/hornik/tmp/R.check/r-devel-clang/Work/PKGS/rofanova.Rcheck/00install.out’ for details.
* used C++ compiler: ‘Debian clang version 21.1.5 (1)’
Flavor: r-devel-linux-x86_64-debian-clang
Version: 1.0.0
Check: C++ specification
Result: NOTE
Specified C++11: please drop specification unless essential
Flavors: r-devel-linux-x86_64-debian-clang, r-devel-linux-x86_64-debian-gcc, r-patched-linux-x86_64, r-release-linux-x86_64, r-release-macos-arm64, r-release-macos-x86_64, r-oldrel-macos-arm64, r-oldrel-macos-x86_64
Version: 1.0.0
Check: whether package can be installed
Result: WARN
Found the following significant warnings:
/home/hornik/tmp/R.check/r-devel-gcc/Work/build/Packages/RcppArmadillo/include/RcppArmadillo/version/arma.h:66:199: note: ‘#pragma message: Using fallback compilation with Armadillo 14.6.3. Please consider defining -DARMA_USE_CURRENT and also removing C++11 compilation directive. See GitHub issue #475 for more.’
See ‘/home/hornik/tmp/R.check/r-devel-gcc/Work/PKGS/rofanova.Rcheck/00install.out’ for details.
* used C++ compiler: ‘g++-15 (Debian 15.2.0-7) 15.2.0’
Flavor: r-devel-linux-x86_64-debian-gcc
Version: 1.0.0
Check: C++ specification
Result: NOTE
Specified C++11: support will be removed soon
Flavors: r-devel-linux-x86_64-fedora-clang, r-devel-linux-x86_64-fedora-gcc