Last updated on 2025-10-31 13:51:00 CET.
| Flavor | Version | Tinstall | Tcheck | Ttotal | Status | Flags | 
|---|---|---|---|---|---|---|
| r-devel-linux-x86_64-debian-clang | 1.1.3 | 11.80 | 104.49 | 116.29 | NOTE | |
| r-devel-linux-x86_64-debian-gcc | 1.1.3 | 7.62 | 76.03 | 83.65 | NOTE | |
| r-devel-linux-x86_64-fedora-clang | 1.1.3 | 24.00 | 151.07 | 175.07 | NOTE | |
| r-devel-linux-x86_64-fedora-gcc | 1.1.3 | 65.00 | 146.57 | 211.57 | NOTE | |
| r-devel-windows-x86_64 | 1.1.3 | 14.00 | 117.00 | 131.00 | NOTE | |
| r-patched-linux-x86_64 | 1.1.3 | 9.93 | 97.98 | 107.91 | NOTE | |
| r-release-linux-x86_64 | 1.1.3 | 9.52 | 98.91 | 108.43 | NOTE | |
| r-release-macos-arm64 | 1.1.3 | 4.00 | 50.00 | 54.00 | NOTE | |
| r-release-macos-x86_64 | 1.1.3 | 9.00 | 159.00 | 168.00 | NOTE | |
| r-release-windows-x86_64 | 1.1.3 | 18.00 | 117.00 | 135.00 | NOTE | |
| r-oldrel-macos-arm64 | 1.1.3 | 5.00 | 53.00 | 58.00 | NOTE | |
| r-oldrel-macos-x86_64 | 1.1.3 | 7.00 | 82.00 | 89.00 | NOTE | |
| r-oldrel-windows-x86_64 | 1.1.3 | 19.00 | 149.00 | 168.00 | NOTE | 
Version: 1.1.3
Check: Rd files
Result: NOTE
  checkRd: (-1) update_tidy_omic.Rd:16-17: Lost braces
      16 | in \code{updated_tidy_data} (names) and the table {features, samples,
         |                                                   ^
Flavors: r-devel-linux-x86_64-debian-clang, r-devel-linux-x86_64-debian-gcc, r-devel-linux-x86_64-fedora-clang, r-devel-linux-x86_64-fedora-gcc, r-devel-windows-x86_64, r-patched-linux-x86_64, r-release-linux-x86_64, r-release-macos-arm64, r-release-macos-x86_64, r-release-windows-x86_64, r-oldrel-macos-arm64, r-oldrel-macos-x86_64, r-oldrel-windows-x86_64