Last updated on 2025-10-31 13:51:01 CET.
| Flavor | Version | Tinstall | Tcheck | Ttotal | Status | Flags | 
|---|---|---|---|---|---|---|
| r-devel-linux-x86_64-debian-clang | 1.6.13 | 19.05 | 72.45 | 91.50 | OK | |
| r-devel-linux-x86_64-debian-gcc | 1.6.13 | 15.61 | 55.79 | 71.40 | OK | |
| r-devel-linux-x86_64-fedora-clang | 1.6.13 | 35.00 | 96.61 | 131.61 | OK | |
| r-devel-linux-x86_64-fedora-gcc | 1.6.13 | 64.00 | 86.07 | 150.07 | OK | |
| r-devel-windows-x86_64 | 1.6.13 | 31.00 | 160.00 | 191.00 | OK | |
| r-patched-linux-x86_64 | 1.6.13 | 21.89 | 71.20 | 93.09 | OK | |
| r-release-linux-x86_64 | 1.6.13 | 22.82 | 70.71 | 93.53 | OK | |
| r-release-macos-arm64 | 1.6.13 | 11.00 | 97.00 | 108.00 | OK | |
| r-release-macos-x86_64 | 1.6.13 | 21.00 | 146.00 | 167.00 | OK | |
| r-release-windows-x86_64 | 1.6.13 | 34.00 | 169.00 | 203.00 | OK | |
| r-oldrel-macos-arm64 | 1.6.13 | 9.00 | 91.00 | 100.00 | NOTE | |
| r-oldrel-macos-x86_64 | 1.6.13 | 22.00 | 131.00 | 153.00 | NOTE | |
| r-oldrel-windows-x86_64 | 1.6.13 | 33.00 | 179.00 | 212.00 | OK | 
Version: 1.6.13
Check: installed package size
Result: NOTE
    installed size is  6.0Mb
    sub-directories of 1Mb or more:
      libs       2.4Mb
      projects   2.9Mb
Flavors: r-oldrel-macos-arm64, r-oldrel-macos-x86_64