Last updated on 2024-07-18 01:55:42 CEST.
Flavor | Version | Tinstall | Tcheck | Ttotal | Status | Flags |
---|---|---|---|---|---|---|
r-devel-linux-x86_64-debian-clang | 0.6-9 | 15.59 | 216.23 | 231.82 | OK | |
r-devel-linux-x86_64-debian-gcc | 0.6-9 | 11.30 | 141.42 | 152.72 | OK | |
r-devel-linux-x86_64-fedora-clang | 0.6-9 | 269.05 | OK | |||
r-devel-linux-x86_64-fedora-gcc | 0.6-9 | 251.33 | OK | |||
r-devel-windows-x86_64 | 0.6-9 | 15.00 | 152.00 | 167.00 | NOTE | |
r-patched-linux-x86_64 | 0.6-9 | 17.55 | 201.72 | 219.27 | OK | |
r-release-linux-x86_64 | 0.6-9 | 13.58 | 198.98 | 212.56 | OK | |
r-release-macos-arm64 | 0.6-9 | 64.00 | OK | |||
r-release-macos-x86_64 | 0.6-9 | 109.00 | OK | |||
r-release-windows-x86_64 | 0.6-9 | 15.00 | 152.00 | 167.00 | OK | |
r-oldrel-macos-arm64 | 0.6-9 | 89.00 | OK | |||
r-oldrel-macos-x86_64 | 0.6-9 | 155.00 | OK | |||
r-oldrel-windows-x86_64 | 0.6-9 | 19.00 | 185.00 | 204.00 | OK |
Version: 0.6-9
Check: Rd cross-references
Result: NOTE
Found the following Rd file(s) with Rd \link{} targets missing package
anchors:
getRtopParams.Rd: gstat
Please provide package anchors for all Rd \link{} targets not in the
package itself and the base packages.
Flavor: r-devel-windows-x86_64