Last updated on 2025-11-27 13:48:48 CET.
| Flavor | Version | Tinstall | Tcheck | Ttotal | Status | Flags |
|---|---|---|---|---|---|---|
| r-devel-linux-x86_64-debian-clang | 0.1.6 | 15.84 | 133.20 | 149.04 | OK | |
| r-devel-linux-x86_64-debian-gcc | 0.1.6 | 10.75 | 89.80 | 100.55 | OK | |
| r-devel-linux-x86_64-fedora-clang | 0.1.6 | 20.00 | 224.43 | 244.43 | OK | |
| r-devel-linux-x86_64-fedora-gcc | 0.1.6 | 43.00 | 218.30 | 261.30 | OK | |
| r-devel-windows-x86_64 | 0.1.6 | 23.00 | 178.00 | 201.00 | WARN | |
| r-patched-linux-x86_64 | 0.1.6 | 16.84 | 128.26 | 145.10 | OK | |
| r-release-linux-x86_64 | 0.1.6 | 16.90 | 128.09 | 144.99 | OK | |
| r-release-macos-arm64 | 0.1.6 | OK | ||||
| r-release-macos-x86_64 | 0.1.6 | 10.00 | 175.00 | 185.00 | OK | |
| r-release-windows-x86_64 | 0.1.6 | 20.00 | 217.00 | 237.00 | OK | |
| r-oldrel-macos-arm64 | 0.1.6 | OK | ||||
| r-oldrel-macos-x86_64 | 0.1.6 | 9.00 | 133.00 | 142.00 | OK | |
| r-oldrel-windows-x86_64 | 0.1.6 | 20.00 | 235.00 | 255.00 | OK |
Version: 0.1.6
Check: whether package can be installed
Result: WARN
Found the following significant warnings:
dtw_functions.cpp:93:17: warning: array subscript [-2147483647, -1] is outside array bounds of 'void []' [-Warray-bounds=]
See 'd:/Rcompile/CRANpkg/local/4.6/rucrdtw.Rcheck/00install.out' for details.
* used C++ compiler: 'g++.exe (GCC) 14.3.0'
Flavor: r-devel-windows-x86_64