Last updated on 2025-10-31 13:51:01 CET.
| Flavor | Version | Tinstall | Tcheck | Ttotal | Status | Flags | 
|---|---|---|---|---|---|---|
| r-devel-linux-x86_64-debian-clang | 0.1.0 | 1.97 | 20.06 | 22.03 | NOTE | |
| r-devel-linux-x86_64-debian-gcc | 0.1.0 | 1.48 | 16.66 | 18.14 | NOTE | |
| r-devel-linux-x86_64-fedora-clang | 0.1.0 | 32.76 | OK | |||
| r-devel-linux-x86_64-fedora-gcc | 0.1.0 | 31.28 | OK | |||
| r-devel-windows-x86_64 | 0.1.0 | 2.00 | 38.00 | 40.00 | OK | |
| r-patched-linux-x86_64 | 0.1.0 | 1.98 | 19.10 | 21.08 | OK | |
| r-release-linux-x86_64 | 0.1.0 | 1.86 | 19.17 | 21.03 | OK | |
| r-release-macos-arm64 | 0.1.0 | 1.00 | 15.00 | 16.00 | OK | |
| r-release-macos-x86_64 | 0.1.0 | 2.00 | 25.00 | 27.00 | OK | |
| r-release-windows-x86_64 | 0.1.0 | 3.00 | 40.00 | 43.00 | OK | |
| r-oldrel-macos-arm64 | 0.1.0 | 1.00 | 15.00 | 16.00 | NOTE | |
| r-oldrel-macos-x86_64 | 0.1.0 | 2.00 | 24.00 | 26.00 | NOTE | |
| r-oldrel-windows-x86_64 | 0.1.0 | 4.00 | 41.00 | 45.00 | NOTE | 
Version: 0.1.0
Check: CRAN incoming feasibility
Result: NOTE
  Maintainer: ‘Bryan Jenks <bryanjenks@protonmail.com>’
  
  The BugReports field in DESCRIPTION has
    https://github.com/tallguyjenks/runes
  which should likely be
    https://github.com/tallguyjenks/runes/issues
  instead.
Flavors: r-devel-linux-x86_64-debian-clang, r-devel-linux-x86_64-debian-gcc
Version: 0.1.0
Check: LazyData
Result: NOTE
    'LazyData' is specified without a 'data' directory
Flavors: r-oldrel-macos-arm64, r-oldrel-macos-x86_64, r-oldrel-windows-x86_64