Last updated on 2024-05-28 12:56:28 CEST.
Flavor | Version | Tinstall | Tcheck | Ttotal | Status | Flags |
---|---|---|---|---|---|---|
r-devel-linux-x86_64-debian-clang | 1.0.1 | 10.85 | 156.55 | 167.40 | OK | |
r-devel-linux-x86_64-debian-gcc | 1.0.1 | 7.61 | 118.23 | 125.84 | OK | |
r-devel-linux-x86_64-fedora-clang | 1.0.1 | 206.19 | NOTE | |||
r-devel-linux-x86_64-fedora-gcc | 1.0.1 | 217.70 | NOTE | |||
r-devel-windows-x86_64 | 1.0.1 | 10.00 | 146.00 | 156.00 | OK | |
r-patched-linux-x86_64 | 1.0.1 | 9.56 | 152.00 | 161.56 | OK | |
r-release-linux-x86_64 | 1.0.1 | 5.81 | 152.39 | 158.20 | OK | |
r-release-macos-arm64 | 1.0.1 | 98.00 | OK | |||
r-release-windows-x86_64 | 1.0.1 | 10.00 | 147.00 | 157.00 | OK | |
r-oldrel-macos-arm64 | 1.0.1 | 107.00 | NOTE | |||
r-oldrel-macos-x86_64 | 1.0.1 | 171.00 | NOTE | |||
r-oldrel-windows-x86_64 | 1.0.1 | 13.00 | 176.00 | 189.00 | OK |
Version: 1.0.1
Check: data for non-ASCII characters
Result: NOTE
Note: found 12 marked UTF-8 strings
Flavors: r-devel-linux-x86_64-fedora-clang, r-devel-linux-x86_64-fedora-gcc
Version: 1.0.1
Check: package dependencies
Result: NOTE
Packages suggested but not available for checking:
'BiocPkgTools', 'biocViews'
Flavors: r-oldrel-macos-arm64, r-oldrel-macos-x86_64
Version: 1.0.1
Check: Rd cross-references
Result: NOTE
Packages unavailable to check Rd xrefs: ‘BiocPkgTools’, ‘biocViews’
Flavors: r-oldrel-macos-arm64, r-oldrel-macos-x86_64