Last updated on 2024-05-28 12:56:30 CEST.
Flavor | Version | Tinstall | Tcheck | Ttotal | Status | Flags |
---|---|---|---|---|---|---|
r-devel-linux-x86_64-debian-clang | 0.1.0 | 3.11 | 32.83 | 35.94 | OK | |
r-devel-linux-x86_64-debian-gcc | 0.1.0 | 2.48 | 24.88 | 27.36 | OK | |
r-devel-linux-x86_64-fedora-clang | 0.1.0 | 44.80 | NOTE | |||
r-devel-linux-x86_64-fedora-gcc | 0.1.0 | 42.66 | NOTE | |||
r-devel-windows-x86_64 | 0.1.0 | 5.00 | 46.00 | 51.00 | OK | |
r-patched-linux-x86_64 | 0.1.0 | 2.88 | 31.44 | 34.32 | OK | |
r-release-linux-x86_64 | 0.1.0 | 3.20 | 30.93 | 34.13 | OK | |
r-release-macos-arm64 | 0.1.0 | 18.00 | OK | |||
r-release-windows-x86_64 | 0.1.0 | 4.00 | 47.00 | 51.00 | OK | |
r-oldrel-macos-arm64 | 0.1.0 | 19.00 | OK | |||
r-oldrel-macos-x86_64 | 0.1.0 | 26.00 | OK | |||
r-oldrel-windows-x86_64 | 0.1.0 | 6.00 | 53.00 | 59.00 | OK |
Version: 0.1.0
Check: data for non-ASCII characters
Result: NOTE
Note: found 35 marked UTF-8 strings
Flavors: r-devel-linux-x86_64-fedora-clang, r-devel-linux-x86_64-fedora-gcc