Last updated on 2025-11-01 00:50:11 CET.
| Flavor | Version | Tinstall | Tcheck | Ttotal | Status | Flags |
|---|---|---|---|---|---|---|
| r-devel-linux-x86_64-debian-clang | 0.3.4 | 5.09 | 39.58 | 44.67 | NOTE | |
| r-devel-linux-x86_64-debian-gcc | 0.3.4 | 3.05 | 29.03 | 32.08 | NOTE | |
| r-devel-linux-x86_64-fedora-clang | 0.3.4 | 10.00 | 55.05 | 65.05 | OK | |
| r-devel-linux-x86_64-fedora-gcc | 0.3.4 | 18.00 | 47.78 | 65.78 | OK | |
| r-devel-windows-x86_64 | 0.3.4 | 5.00 | 63.00 | 68.00 | OK | |
| r-patched-linux-x86_64 | 0.3.4 | 5.47 | 36.83 | 42.30 | OK | |
| r-release-linux-x86_64 | 0.3.4 | 4.78 | 37.10 | 41.88 | OK | |
| r-release-macos-arm64 | 0.3.4 | 2.00 | 22.00 | 24.00 | OK | |
| r-release-macos-x86_64 | 0.3.4 | 6.00 | 39.00 | 45.00 | OK | |
| r-release-windows-x86_64 | 0.3.4 | 5.00 | 67.00 | 72.00 | OK | |
| r-oldrel-macos-arm64 | 0.3.4 | 2.00 | 21.00 | 23.00 | OK | |
| r-oldrel-macos-x86_64 | 0.3.4 | 3.00 | 41.00 | 44.00 | OK | |
| r-oldrel-windows-x86_64 | 0.3.4 | 5.00 | 75.00 | 80.00 | OK |
Version: 0.3.4
Check: CRAN incoming feasibility
Result: NOTE
Maintainer: ‘Zhongyang Zhang <zhongyang.zhang@mssm.edu>’
No Authors@R field in DESCRIPTION.
Please add one, modifying
Authors@R: c(person(given = "Zhongyang",
family = "Zhang",
role = c("aut", "cre"),
email = "zhongyang.zhang@mssm.edu"),
person(given = "Ke",
family = "Hao",
role = "aut"),
person(given = c("Nancy", "R."),
family = "Zhang",
role = "ctb"))
as necessary.
Flavors: r-devel-linux-x86_64-debian-clang, r-devel-linux-x86_64-debian-gcc