Last updated on 2025-10-31 13:51:01 CET.
| Flavor | Version | Tinstall | Tcheck | Ttotal | Status | Flags | 
|---|---|---|---|---|---|---|
| r-devel-linux-x86_64-debian-clang | 0.1.0 | 6.51 | 60.82 | 67.33 | NOTE | |
| r-devel-linux-x86_64-debian-gcc | 0.1.0 | 5.76 | 46.24 | 52.00 | NOTE | |
| r-devel-linux-x86_64-fedora-clang | 0.1.0 | 17.00 | 87.14 | 104.14 | OK | |
| r-devel-linux-x86_64-fedora-gcc | 0.1.0 | 17.00 | 83.20 | 100.20 | OK | |
| r-devel-windows-x86_64 | 0.1.0 | 9.00 | 66.00 | 75.00 | OK | |
| r-patched-linux-x86_64 | 0.1.0 | 6.97 | 58.39 | 65.36 | OK | |
| r-release-linux-x86_64 | 0.1.0 | 6.35 | 58.37 | 64.72 | OK | |
| r-release-macos-arm64 | 0.1.0 | 4.00 | 32.00 | 36.00 | OK | |
| r-release-macos-x86_64 | 0.1.0 | 7.00 | 57.00 | 64.00 | OK | |
| r-release-windows-x86_64 | 0.1.0 | 9.00 | 71.00 | 80.00 | OK | |
| r-oldrel-macos-arm64 | 0.1.0 | 4.00 | 29.00 | 33.00 | OK | |
| r-oldrel-macos-x86_64 | 0.1.0 | 5.00 | 45.00 | 50.00 | OK | |
| r-oldrel-windows-x86_64 | 0.1.0 | 11.00 | 83.00 | 94.00 | OK | 
Version: 0.1.0
Check: CRAN incoming feasibility
Result: NOTE
  Maintainer: ‘Sheerin Dahwan Aziz <sheerindahwan@gmail.com>’
  
  No Authors@R field in DESCRIPTION.
  Please add one, modifying
    Authors@R: c(person(given = "Azka",
                        family = "Ubaidillah",
                        role = "aut"),
                 person(given = c("Sheerin", "Dahwan"),
                        family = "Aziz",
                        role = c("aut", "cre"),
                        email = "sheerindahwan@gmail.com"))
  as necessary.
Flavors: r-devel-linux-x86_64-debian-clang, r-devel-linux-x86_64-debian-gcc