CRAN Package Check Results for Package sanzo

Last updated on 2025-11-13 12:54:22 CET.

Flavor Version Tinstall Tcheck Ttotal Status Flags
r-devel-linux-x86_64-debian-clang 0.1.0 2.34 26.83 29.17 OK
r-devel-linux-x86_64-debian-gcc 0.1.0 1.76 21.85 23.61 OK
r-devel-linux-x86_64-fedora-clang 0.1.0 42.97 OK
r-devel-linux-x86_64-fedora-gcc 0.1.0 54.76 OK
r-devel-windows-x86_64 0.1.0 4.00 46.00 50.00 OK
r-patched-linux-x86_64 0.1.0 2.45 24.57 27.02 OK
r-release-linux-x86_64 0.1.0 2.40 24.26 26.66 OK
r-release-macos-arm64 0.1.0 1.00 23.00 24.00 OK
r-release-macos-x86_64 0.1.0 2.00 40.00 42.00 OK
r-release-windows-x86_64 0.1.0 5.00 45.00 50.00 OK
r-oldrel-macos-arm64 0.1.0 1.00 20.00 21.00 NOTE
r-oldrel-macos-x86_64 0.1.0 2.00 31.00 33.00 NOTE
r-oldrel-windows-x86_64 0.1.0 4.00 49.00 53.00 NOTE

Check Details

Version: 0.1.0
Check: LazyData
Result: NOTE 'LazyData' is specified without a 'data' directory Flavors: r-oldrel-macos-arm64, r-oldrel-macos-x86_64, r-oldrel-windows-x86_64