Last updated on 2025-10-31 13:51:02 CET.
| Flavor | Version | Tinstall | Tcheck | Ttotal | Status | Flags | 
|---|---|---|---|---|---|---|
| r-devel-linux-x86_64-debian-clang | 0.9-7.0 | 2.24 | 25.64 | 27.88 | NOTE | |
| r-devel-linux-x86_64-debian-gcc | 0.9-7.0 | 1.84 | 20.58 | 22.42 | NOTE | |
| r-devel-linux-x86_64-fedora-clang | 0.9-7.0 | 41.42 | OK | |||
| r-devel-linux-x86_64-fedora-gcc | 0.9-7.0 | 39.36 | OK | |||
| r-devel-windows-x86_64 | 0.9-7.0 | 3.00 | 45.00 | 48.00 | OK | |
| r-patched-linux-x86_64 | 0.9-7.0 | 2.55 | 24.44 | 26.99 | OK | |
| r-release-linux-x86_64 | 0.9-7.0 | 2.22 | 24.22 | 26.44 | OK | |
| r-release-macos-arm64 | 0.9-7.0 | 1.00 | 25.00 | 26.00 | OK | |
| r-release-macos-x86_64 | 0.9-7.0 | 2.00 | 26.00 | 28.00 | OK | |
| r-release-windows-x86_64 | 0.9-7.0 | 3.00 | 47.00 | 50.00 | OK | |
| r-oldrel-macos-arm64 | 0.9-7.0 | 1.00 | 14.00 | 15.00 | OK | |
| r-oldrel-macos-x86_64 | 0.9-7.0 | 2.00 | 22.00 | 24.00 | OK | |
| r-oldrel-windows-x86_64 | 0.9-7.0 | 3.00 | 52.00 | 55.00 | OK | 
Version: 0.9-7.0
Check: CRAN incoming feasibility
Result: NOTE
  Maintainer: ‘Michael P. Fay <mfay@niaid.nih.gov>’
  
  No Authors@R field in DESCRIPTION.
  Please add one, modifying
    Authors@R: person(given = c("Michael", "P."),
                      family = "Fay",
                      role = c("aut", "cre"),
                      email = "mfay@niaid.nih.gov")
  as necessary.
  
  Package CITATION file contains call(s) to old-style personList() or
  as.personList().  Please use c() on person objects instead.
  Package CITATION file contains call(s) to old-style citEntry().  Please
  use bibentry() instead.
Flavors: r-devel-linux-x86_64-debian-clang, r-devel-linux-x86_64-debian-gcc