Last updated on 2025-10-31 13:51:02 CET.
| Flavor | Version | Tinstall | Tcheck | Ttotal | Status | Flags | 
|---|---|---|---|---|---|---|
| r-devel-linux-x86_64-debian-clang | 0.9-2 | 2.82 | 31.00 | 33.82 | NOTE | |
| r-devel-linux-x86_64-debian-gcc | 0.9-2 | 1.97 | 23.78 | 25.75 | NOTE | |
| r-devel-linux-x86_64-fedora-clang | 0.9-2 | 51.16 | OK | |||
| r-devel-linux-x86_64-fedora-gcc | 0.9-2 | 49.48 | OK | |||
| r-devel-windows-x86_64 | 0.9-2 | 3.00 | 48.00 | 51.00 | OK | |
| r-patched-linux-x86_64 | 0.9-2 | 3.05 | 29.51 | 32.56 | OK | |
| r-release-linux-x86_64 | 0.9-2 | 2.70 | 29.33 | 32.03 | OK | |
| r-release-macos-arm64 | 0.9-2 | 2.00 | 32.00 | 34.00 | OK | |
| r-release-macos-x86_64 | 0.9-2 | 2.00 | 29.00 | 31.00 | OK | |
| r-release-windows-x86_64 | 0.9-2 | 3.00 | 55.00 | 58.00 | OK | |
| r-oldrel-macos-arm64 | 0.9-2 | 1.00 | 16.00 | 17.00 | OK | |
| r-oldrel-macos-x86_64 | 0.9-2 | 2.00 | 26.00 | 28.00 | OK | |
| r-oldrel-windows-x86_64 | 0.9-2 | 3.00 | 60.00 | 63.00 | OK | 
Version: 0.9-2
Check: CRAN incoming feasibility
Result: NOTE
  Maintainer: ‘Martin Maechler <maechler@stat.math.ethz.ch>’
  
  No Authors@R field in DESCRIPTION.
  Please add one, modifying
    Authors@R: c(person(given = "Valentin",
                        family = "Rousson",
                        role = "aut",
                        email = "rousson@ifspm.unizh.ch"),
                 person(given = "Martin",
                        family = "Maechler",
                        role = c("aut", "cre"),
                        email = "maechler@stat.math.ethz.ch"))
  as necessary.
Flavors: r-devel-linux-x86_64-debian-clang, r-devel-linux-x86_64-debian-gcc