Last updated on 2025-10-31 13:51:02 CET.
| Flavor | Version | Tinstall | Tcheck | Ttotal | Status | Flags | 
|---|---|---|---|---|---|---|
| r-devel-linux-x86_64-debian-clang | 1.0.1 | 5.00 | 22.15 | 27.15 | NOTE | |
| r-devel-linux-x86_64-debian-gcc | 1.0.1 | 3.08 | 17.66 | 20.74 | NOTE | |
| r-devel-linux-x86_64-fedora-clang | 1.0.1 | 40.98 | NOTE | |||
| r-devel-linux-x86_64-fedora-gcc | 1.0.1 | 13.00 | 28.38 | 41.38 | NOTE | |
| r-devel-windows-x86_64 | 1.0.1 | 6.00 | 45.00 | 51.00 | OK | |
| r-patched-linux-x86_64 | 1.0.1 | 4.69 | 20.80 | 25.49 | OK | |
| r-release-linux-x86_64 | 1.0.1 | 4.02 | 20.57 | 24.59 | OK | |
| r-release-macos-arm64 | 1.0.1 | 2.00 | 16.00 | 18.00 | OK | |
| r-release-macos-x86_64 | 1.0.1 | 4.00 | 26.00 | 30.00 | OK | |
| r-release-windows-x86_64 | 1.0.1 | 6.00 | 40.00 | 46.00 | OK | |
| r-oldrel-macos-arm64 | 1.0.1 | 2.00 | 16.00 | 18.00 | NOTE | |
| r-oldrel-macos-x86_64 | 1.0.1 | 4.00 | 20.00 | 24.00 | NOTE | |
| r-oldrel-windows-x86_64 | 1.0.1 | 8.00 | 46.00 | 54.00 | NOTE | 
Version: 1.0.1
Check: CRAN incoming feasibility
Result: NOTE
  Maintainer: ‘Ravi Selker <selker.ravi@gmail.com>’
  
  No Authors@R field in DESCRIPTION.
  Please add one, modifying
    Authors@R: person(given = "Ravi",
                      family = "Selker",
                      role = c("aut", "cre"),
                      email = "selker.ravi@gmail.com")
  as necessary.
Flavors: r-devel-linux-x86_64-debian-clang, r-devel-linux-x86_64-debian-gcc
Version: 1.0.1
Check: dependencies in R code
Result: NOTE
  Namespaces in Imports field not imported from:
    ‘R6’ ‘cowplot’ ‘ggplot2’ ‘ggridges’ ‘ggstance’
    All declared Imports should be used.
Flavors: r-devel-linux-x86_64-fedora-clang, r-devel-linux-x86_64-fedora-gcc
Version: 1.0.1
Check: LazyData
Result: NOTE
    'LazyData' is specified without a 'data' directory
Flavors: r-oldrel-macos-arm64, r-oldrel-macos-x86_64, r-oldrel-windows-x86_64