Last updated on 2025-10-31 13:51:02 CET.
| Flavor | Version | Tinstall | Tcheck | Ttotal | Status | Flags | 
|---|---|---|---|---|---|---|
| r-devel-linux-x86_64-debian-clang | 3.5.0 | 87.22 | 143.83 | 231.05 | OK | |
| r-devel-linux-x86_64-debian-gcc | 3.5.0 | 61.23 | 192.41 | 253.64 | NOTE | |
| r-devel-linux-x86_64-fedora-clang | 3.5.0 | 92.00 | 266.56 | 358.56 | OK | |
| r-devel-linux-x86_64-fedora-gcc | 3.5.0 | 129.00 | 267.10 | 396.10 | OK | |
| r-devel-windows-x86_64 | 3.5.0 | 101.00 | 152.00 | 253.00 | OK | |
| r-patched-linux-x86_64 | 3.5.0 | 86.25 | 138.07 | 224.32 | OK | |
| r-release-linux-x86_64 | 3.5.0 | 91.64 | 137.52 | 229.16 | OK | |
| r-release-macos-arm64 | 3.5.0 | 35.00 | 59.00 | 94.00 | OK | |
| r-release-macos-x86_64 | 3.5.0 | 46.00 | 133.00 | 179.00 | OK | |
| r-release-windows-x86_64 | 3.5.0 | 103.00 | 158.00 | 261.00 | OK | |
| r-oldrel-macos-arm64 | 3.5.0 | 34.00 | 62.00 | 96.00 | NOTE | |
| r-oldrel-macos-x86_64 | 3.5.0 | 53.00 | 132.00 | 185.00 | NOTE | |
| r-oldrel-windows-x86_64 | 3.5.0 | 118.00 | 205.00 | 323.00 | OK | 
Version: 3.5.0
Check: re-building of vignette outputs
Result: NOTE
  Re-building vignettes had CPU time 2.8 times elapsed time
Flavor: r-devel-linux-x86_64-debian-gcc
Version: 3.5.0
Check: installed package size
Result: NOTE
    installed size is 12.2Mb
    sub-directories of 1Mb or more:
      doc    1.4Mb
      libs  10.4Mb
Flavors: r-oldrel-macos-arm64, r-oldrel-macos-x86_64