Last updated on 2025-11-14 00:50:58 CET.
| Flavor | Version | Tinstall | Tcheck | Ttotal | Status | Flags |
|---|---|---|---|---|---|---|
| r-devel-linux-x86_64-debian-clang | 1.3.4 | 7.13 | 58.47 | 65.60 | OK | |
| r-devel-linux-x86_64-debian-gcc | 1.3.4 | 4.89 | 42.25 | 47.14 | OK | |
| r-devel-linux-x86_64-fedora-clang | 1.3.4 | 34.00 | 71.41 | 105.41 | NOTE | |
| r-devel-linux-x86_64-fedora-gcc | 1.3.4 | 16.00 | 79.72 | 95.72 | NOTE | |
| r-devel-windows-x86_64 | 1.3.4 | 11.00 | 73.00 | 84.00 | OK | |
| r-patched-linux-x86_64 | 1.3.4 | 6.87 | 55.85 | 62.72 | OK | |
| r-release-linux-x86_64 | 1.3.4 | 6.19 | 55.49 | 61.68 | OK | |
| r-release-macos-arm64 | 1.3.4 | 4.00 | 28.00 | 32.00 | OK | |
| r-release-macos-x86_64 | 1.3.4 | 6.00 | 47.00 | 53.00 | OK | |
| r-release-windows-x86_64 | 1.3.4 | 9.00 | 73.00 | 82.00 | OK | |
| r-oldrel-macos-arm64 | 1.3.4 | 3.00 | 26.00 | 29.00 | NOTE | |
| r-oldrel-macos-x86_64 | 1.3.4 | 5.00 | 38.00 | 43.00 | NOTE | |
| r-oldrel-windows-x86_64 | 1.3.4 | 12.00 | 89.00 | 101.00 | NOTE |
Version: 1.3.4
Check: dependencies in R code
Result: NOTE
Namespaces in Imports field not imported from:
‘cluster’ ‘factoextra’ ‘tidyr’
All declared Imports should be used.
Flavors: r-devel-linux-x86_64-fedora-clang, r-devel-linux-x86_64-fedora-gcc
Version: 1.3.4
Check: LazyData
Result: NOTE
'LazyData' is specified without a 'data' directory
Flavors: r-oldrel-macos-arm64, r-oldrel-macos-x86_64, r-oldrel-windows-x86_64