Last updated on 2025-11-28 00:50:05 CET.
| Flavor | Version | Tinstall | Tcheck | Ttotal | Status | Flags |
|---|---|---|---|---|---|---|
| r-devel-linux-x86_64-debian-clang | 0.5-0 | 58.89 | 347.70 | 406.59 | NOTE | |
| r-devel-linux-x86_64-debian-gcc | 0.5-0 | 48.05 | 261.04 | 309.09 | NOTE | |
| r-devel-linux-x86_64-fedora-clang | 0.5-0 | 117.00 | 540.18 | 657.18 | OK | |
| r-devel-linux-x86_64-fedora-gcc | 0.5-0 | 249.00 | 491.34 | 740.34 | OK | |
| r-devel-windows-x86_64 | 0.5-0 | 67.00 | 339.00 | 406.00 | OK | |
| r-patched-linux-x86_64 | 0.5-0 | 64.19 | 376.77 | 440.96 | OK | |
| r-release-linux-x86_64 | 0.5-0 | 64.03 | 375.42 | 439.45 | OK | |
| r-release-macos-arm64 | 0.5-0 | OK | ||||
| r-release-macos-x86_64 | 0.5-0 | 33.00 | 453.00 | 486.00 | OK | |
| r-release-windows-x86_64 | 0.5-0 | 64.00 | 389.00 | 453.00 | OK | |
| r-oldrel-macos-arm64 | 0.5-0 | NOTE | ||||
| r-oldrel-macos-x86_64 | 0.5-0 | 26.00 | 286.00 | 312.00 | NOTE | |
| r-oldrel-windows-x86_64 | 0.5-0 | 77.00 | 442.00 | 519.00 | OK |
Version: 0.5-0
Check: CRAN incoming feasibility
Result: NOTE
Maintainer: ‘Matt Moores <mmoores@gmail.com>’
Package CITATION file contains call(s) to old-style personList() or
as.personList(). Please use c() on person objects instead.
Package CITATION file contains call(s) to old-style citEntry(). Please
use bibentry() instead.
The Description field contains
<arXiv:1604.07299>. Multivariate observations of SERRS are highly
Please refer to arXiv e-prints via their arXiv DOI <doi:10.48550/arXiv.YYMM.NNNNN>.
Flavors: r-devel-linux-x86_64-debian-clang, r-devel-linux-x86_64-debian-gcc
Version: 0.5-0
Check: installed package size
Result: NOTE
installed size is 19.6Mb
sub-directories of 1Mb or more:
libs 18.3Mb
Flavors: r-oldrel-macos-arm64, r-oldrel-macos-x86_64