Last updated on 2024-05-27 02:48:16 CEST.
Flavor | Version | Tinstall | Tcheck | Ttotal | Status | Flags |
---|---|---|---|---|---|---|
r-devel-linux-x86_64-debian-clang | 0.2-0 | 5.05 | 78.35 | 83.40 | NOTE | |
r-devel-linux-x86_64-debian-gcc | 0.2-0 | 4.02 | 57.76 | 61.78 | NOTE | |
r-devel-linux-x86_64-fedora-clang | 0.2-0 | 102.84 | NOTE | |||
r-devel-linux-x86_64-fedora-gcc | 0.2-0 | 109.97 | NOTE | |||
r-devel-windows-x86_64 | 0.2-0 | 5.00 | 75.00 | 80.00 | NOTE | |
r-patched-linux-x86_64 | 0.2-0 | 8.33 | 75.20 | 83.53 | NOTE | |
r-release-linux-x86_64 | 0.2-0 | 5.40 | 73.01 | 78.41 | NOTE | |
r-release-macos-arm64 | 0.2-0 | 33.00 | NOTE | |||
r-release-windows-x86_64 | 0.2-0 | 6.00 | 77.00 | 83.00 | NOTE | |
r-oldrel-macos-arm64 | 0.2-0 | 38.00 | OK | |||
r-oldrel-macos-x86_64 | 0.2-0 | 69.00 | OK | |||
r-oldrel-windows-x86_64 | 0.2-0 | 6.00 | 94.00 | 100.00 | OK |
Version: 0.2-0
Check: Rd files
Result: NOTE
checkRd: (-1) st_as_sftime.Rd:71: Lost braces
71 | remove these columns from code{data.frame}?}
| ^
Flavors: r-devel-linux-x86_64-debian-clang, r-devel-linux-x86_64-debian-gcc, r-devel-linux-x86_64-fedora-clang, r-devel-linux-x86_64-fedora-gcc, r-devel-windows-x86_64, r-patched-linux-x86_64, r-release-linux-x86_64, r-release-macos-arm64, r-release-windows-x86_64
Version: 0.2-0
Check: Rd cross-references
Result: NOTE
Undeclared package ‘vctrs’ in Rd xrefs
Flavor: r-devel-linux-x86_64-fedora-clang