Last updated on 2025-10-31 13:51:03 CET.
| Flavor | Version | Tinstall | Tcheck | Ttotal | Status | Flags | 
|---|---|---|---|---|---|---|
| r-devel-linux-x86_64-debian-clang | 1.0.0 | 15.20 | 147.68 | 162.88 | NOTE | |
| r-devel-linux-x86_64-debian-gcc | 1.0.0 | 10.30 | 95.00 | 105.30 | NOTE | |
| r-devel-linux-x86_64-fedora-clang | 1.0.0 | 32.00 | 216.81 | 248.81 | OK | |
| r-devel-linux-x86_64-fedora-gcc | 1.0.0 | 33.00 | 205.08 | 238.08 | OK | |
| r-devel-windows-x86_64 | 1.0.0 | 16.00 | 150.00 | 166.00 | NOTE | |
| r-patched-linux-x86_64 | 1.0.0 | 18.20 | 136.02 | 154.22 | NOTE | |
| r-release-linux-x86_64 | 1.0.0 | 14.61 | 136.06 | 150.67 | NOTE | |
| r-release-macos-arm64 | 1.0.0 | 6.00 | 49.00 | 55.00 | OK | |
| r-release-macos-x86_64 | 1.0.0 | 11.00 | 95.00 | 106.00 | OK | |
| r-release-windows-x86_64 | 1.0.0 | 18.00 | 150.00 | 168.00 | NOTE | |
| r-oldrel-macos-arm64 | 1.0.0 | 6.00 | 49.00 | 55.00 | OK | |
| r-oldrel-macos-x86_64 | 1.0.0 | 9.00 | 75.00 | 84.00 | OK | |
| r-oldrel-windows-x86_64 | 1.0.0 | 22.00 | 191.00 | 213.00 | OK | 
Version: 1.0.0
Check: Rd cross-references
Result: NOTE
  Found the following Rd file(s) with Rd \link{} targets missing package
  anchors:
    survivalForest.Rd: forestplot
  Please provide package anchors for all Rd \link{} targets not in the
  package itself and the base packages.
Flavors: r-devel-linux-x86_64-debian-clang, r-devel-linux-x86_64-debian-gcc, r-devel-windows-x86_64, r-patched-linux-x86_64, r-release-linux-x86_64, r-release-windows-x86_64