Last updated on 2025-10-31 13:51:03 CET.
| Flavor | Version | Tinstall | Tcheck | Ttotal | Status | Flags | 
|---|---|---|---|---|---|---|
| r-devel-linux-x86_64-debian-clang | 3.1.1 | 1.90 | 47.12 | 49.02 | NOTE | |
| r-devel-linux-x86_64-debian-gcc | 3.1.1 | 1.66 | 34.52 | 36.18 | NOTE | |
| r-devel-linux-x86_64-fedora-clang | 3.1.1 | 74.42 | NOTE | |||
| r-devel-linux-x86_64-fedora-gcc | 3.1.1 | 113.10 | NOTE | |||
| r-devel-windows-x86_64 | 3.1.1 | 3.00 | 71.00 | 74.00 | NOTE | |
| r-patched-linux-x86_64 | 3.1.1 | 2.37 | 44.70 | 47.07 | NOTE | |
| r-release-linux-x86_64 | 3.1.1 | 2.18 | 44.98 | 47.16 | NOTE | |
| r-release-macos-arm64 | 3.1.1 | 1.00 | 38.00 | 39.00 | NOTE | |
| r-release-macos-x86_64 | 3.1.1 | 2.00 | 75.00 | 77.00 | NOTE | |
| r-release-windows-x86_64 | 3.1.1 | 4.00 | 77.00 | 81.00 | NOTE | |
| r-oldrel-macos-arm64 | 3.1.1 | 1.00 | 36.00 | 37.00 | NOTE | |
| r-oldrel-macos-x86_64 | 3.1.1 | 2.00 | 66.00 | 68.00 | NOTE | |
| r-oldrel-windows-x86_64 | 3.1.1 | 6.00 | 83.00 | 89.00 | NOTE | 
Version: 3.1.1
Check: CRAN incoming feasibility
Result: NOTE
  Maintainer: ‘Witold Wolski <wew@fgcz.ethz.ch>’
  
  Package CITATION file contains call(s) to old-style personList() or
  as.personList().  Please use c() on person objects instead.
  Package CITATION file contains call(s) to old-style citEntry().  Please
  use bibentry() instead.
Flavors: r-devel-linux-x86_64-debian-clang, r-devel-linux-x86_64-debian-gcc
Version: 3.1.1
Check: package subdirectories
Result: NOTE
  Problems with news in ‘NEWS.md’:
  No news entries found.
Flavors: r-devel-linux-x86_64-debian-clang, r-devel-linux-x86_64-debian-gcc, r-devel-linux-x86_64-fedora-clang, r-devel-linux-x86_64-fedora-gcc, r-devel-windows-x86_64, r-patched-linux-x86_64, r-release-linux-x86_64, r-release-macos-arm64, r-release-macos-x86_64, r-release-windows-x86_64, r-oldrel-macos-arm64, r-oldrel-macos-x86_64, r-oldrel-windows-x86_64