Last updated on 2025-07-08 13:49:21 CEST.
Flavor | Version | Tinstall | Tcheck | Ttotal | Status | Flags |
---|---|---|---|---|---|---|
r-devel-linux-x86_64-debian-clang | 1.5.2 | 166.39 | 973.81 | 1140.20 | NOTE | |
r-devel-linux-x86_64-debian-gcc | 1.5.2 | 112.43 | 1158.32 | 1270.75 | NOTE | |
r-devel-linux-x86_64-fedora-clang | 1.5.2 | 688.33 | OK | |||
r-devel-linux-x86_64-fedora-gcc | 1.5.2 | 577.15 | OK | |||
r-devel-windows-x86_64 | 1.5.2 | 171.00 | 223.00 | 394.00 | OK | |
r-patched-linux-x86_64 | 1.5.2 | 161.66 | 955.16 | 1116.82 | NOTE | |
r-release-linux-x86_64 | 1.5.2 | 155.79 | 943.60 | 1099.39 | NOTE | |
r-release-macos-arm64 | 1.5.2 | 133.00 | OK | |||
r-release-macos-x86_64 | 1.5.2 | 166.00 | OK | |||
r-release-windows-x86_64 | 1.5.2 | 182.00 | 215.00 | 397.00 | OK | |
r-oldrel-macos-arm64 | 1.5.2 | 127.00 | NOTE | |||
r-oldrel-macos-x86_64 | 1.5.2 | 160.00 | NOTE | |||
r-oldrel-windows-x86_64 | 1.5.2 | 229.00 | 276.00 | 505.00 | OK |
Version: 1.5.2
Check: R code for possible problems
Result: NOTE
.torch_batch_conv1D_batch_norm_relu: no visible global function
definition for ‘create_nn_module_callable’
.torch_conv1D_batch_norm: no visible global function definition for
‘create_nn_module_callable’
.torch_conv1D_batch_norm_relu: no visible global function definition
for ‘create_nn_module_callable’
.torch_conv1D_batch_norm_relu_dropout: no visible global function
definition for ‘create_nn_module_callable’
.torch_light_temporal_attention_encoder: no visible global function
definition for ‘create_nn_module_callable’
.torch_linear_batch_norm_relu: no visible global function definition
for ‘create_nn_module_callable’
.torch_linear_batch_norm_relu_dropout: no visible global function
definition for ‘create_nn_module_callable’
.torch_linear_relu_dropout: no visible global function definition for
‘create_nn_module_callable’
.torch_multi_head_attention: no visible global function definition for
‘create_nn_module_callable’
.torch_multi_linear_batch_norm_relu: no visible global function
definition for ‘create_nn_module_callable’
.torch_pixel_spatial_encoder: no visible global function definition for
‘create_nn_module_callable’
.torch_positional_encoding: no visible global function definition for
‘create_nn_module_callable’
.torch_scaled_dot_product_attention: no visible global function
definition for ‘create_nn_module_callable’
.torch_temporal_attention_encoder: no visible global function
definition for ‘create_nn_module_callable’
Undefined global functions or variables:
create_nn_module_callable
Flavors: r-devel-linux-x86_64-debian-clang, r-devel-linux-x86_64-debian-gcc, r-patched-linux-x86_64, r-release-linux-x86_64
Version: 1.5.2
Check: installed package size
Result: NOTE
installed size is 11.8Mb
sub-directories of 1Mb or more:
R 2.1Mb
extdata 1.3Mb
libs 7.8Mb
Flavors: r-oldrel-macos-arm64, r-oldrel-macos-x86_64