Last updated on 2024-05-27 02:48:17 CEST.
Flavor | Version | Tinstall | Tcheck | Ttotal | Status | Flags |
---|---|---|---|---|---|---|
r-devel-linux-x86_64-debian-clang | 1.5.0 | 242.14 | 209.93 | 452.07 | OK | |
r-devel-linux-x86_64-debian-gcc | 1.5.0 | 156.65 | 153.64 | 310.29 | OK | |
r-devel-linux-x86_64-fedora-clang | 1.5.0 | 667.23 | OK | |||
r-devel-linux-x86_64-fedora-gcc | 1.5.0 | 649.61 | OK | |||
r-devel-windows-x86_64 | 1.5.0 | 181.00 | 186.00 | 367.00 | OK | |
r-patched-linux-x86_64 | 1.5.0 | 203.03 | 205.10 | 408.13 | OK | |
r-release-linux-x86_64 | 1.5.0 | 137.97 | 202.30 | 340.27 | OK | |
r-release-macos-arm64 | 1.5.0 | 119.00 | NOTE | |||
r-release-macos-x86_64 | 1.5.0 | 262.00 | NOTE | |||
r-release-windows-x86_64 | 1.5.0 | 180.00 | 189.00 | 369.00 | OK | |
r-oldrel-macos-arm64 | 1.5.0 | 119.00 | NOTE | |||
r-oldrel-macos-x86_64 | 1.5.0 | 255.00 | NOTE | |||
r-oldrel-windows-x86_64 | 1.5.0 | 228.00 | 244.00 | 472.00 | OK |
Version: 1.5.0
Check: installed package size
Result: NOTE
installed size is 9.9Mb
sub-directories of 1Mb or more:
R 2.1Mb
extdata 1.2Mb
libs 5.9Mb
Flavors: r-release-macos-arm64, r-release-macos-x86_64, r-oldrel-macos-arm64, r-oldrel-macos-x86_64