Last updated on 2024-05-27 02:48:17 CEST.
Flavor | Version | Tinstall | Tcheck | Ttotal | Status | Flags |
---|---|---|---|---|---|---|
r-devel-linux-x86_64-debian-clang | 2.6 | 4.56 | 103.18 | 107.74 | NOTE | |
r-devel-linux-x86_64-debian-gcc | 2.6 | 3.01 | 80.33 | 83.34 | NOTE | |
r-devel-linux-x86_64-fedora-clang | 2.6 | 138.72 | NOTE | |||
r-devel-linux-x86_64-fedora-gcc | 2.6 | 150.37 | NOTE | |||
r-devel-windows-x86_64 | 2.6 | 5.00 | 121.00 | 126.00 | NOTE | |
r-patched-linux-x86_64 | 2.6 | 8.85 | 102.32 | 111.17 | NOTE | |
r-release-linux-x86_64 | 2.6 | 4.64 | 103.64 | 108.28 | NOTE | |
r-release-macos-arm64 | 2.6 | 56.00 | OK | |||
r-release-windows-x86_64 | 2.6 | 5.00 | 123.00 | 128.00 | NOTE | |
r-oldrel-macos-arm64 | 2.6 | 53.00 | OK | |||
r-oldrel-macos-x86_64 | 2.6 | 174.00 | OK | |||
r-oldrel-windows-x86_64 | 2.6 | 7.00 | 133.00 | 140.00 | OK |
Version: 2.6
Check: HTML version of manual
Result: NOTE
Found the following HTML validation problems:
print.spscan.html:49:1 (print.spscan.Rd:15): Warning: trimming empty <dt>
summary.spscan.html:48:1 (summary.spscan.Rd:15): Warning: trimming empty <dt>
Flavors: r-devel-linux-x86_64-debian-clang, r-devel-linux-x86_64-debian-gcc, r-devel-linux-x86_64-fedora-clang, r-devel-linux-x86_64-fedora-gcc, r-devel-windows-x86_64, r-patched-linux-x86_64, r-release-linux-x86_64, r-release-windows-x86_64