Last updated on 2025-10-31 13:51:03 CET.
| Flavor | Version | Tinstall | Tcheck | Ttotal | Status | Flags | 
|---|---|---|---|---|---|---|
| r-devel-linux-x86_64-fedora-clang | 0.1.6 | 12.00 | 43.99 | 55.99 | OK | |
| r-devel-linux-x86_64-fedora-gcc | 0.1.6 | 12.00 | 56.13 | 68.13 | OK | |
| r-release-macos-arm64 | 0.1.6 | 1.00 | 26.00 | 27.00 | OK | |
| r-release-macos-x86_64 | 0.1.6 | 2.00 | 47.00 | 49.00 | OK | |
| r-oldrel-macos-arm64 | 0.1.6 | 1.00 | 31.00 | 32.00 | NOTE | |
| r-oldrel-macos-x86_64 | 0.1.6 | 2.00 | 51.00 | 53.00 | NOTE | 
Version: 0.1.6
Check: package dependencies
Result: NOTE
  Package suggested but not available for checking: ‘cmdstanr’
Flavors: r-oldrel-macos-arm64, r-oldrel-macos-x86_64