CRAN Package Check Results for Package spanish

Last updated on 2025-11-13 12:54:24 CET.

Flavor Version Tinstall Tcheck Ttotal Status Flags
r-devel-linux-x86_64-debian-clang 0.4.2 1.65 21.09 22.74 NOTE
r-devel-linux-x86_64-debian-gcc 0.4.2 1.42 17.37 18.79 NOTE
r-devel-linux-x86_64-fedora-clang 0.4.2 34.28 OK
r-devel-linux-x86_64-fedora-gcc 0.4.2 32.42 OK
r-devel-windows-x86_64 0.4.2 3.00 40.00 43.00 OK
r-patched-linux-x86_64 0.4.2 1.83 19.74 21.57 OK
r-release-linux-x86_64 0.4.2 1.86 19.81 21.67 OK
r-release-macos-arm64 0.4.2 1.00 15.00 16.00 OK
r-release-macos-x86_64 0.4.2 2.00 22.00 24.00 OK
r-release-windows-x86_64 0.4.2 3.00 39.00 42.00 OK
r-oldrel-macos-arm64 0.4.2 1.00 15.00 16.00 OK
r-oldrel-macos-x86_64 0.4.2 2.00 19.00 21.00 OK
r-oldrel-windows-x86_64 0.4.2 4.00 44.00 48.00 OK

Check Details

Version: 0.4.2
Check: CRAN incoming feasibility
Result: NOTE Maintainer: ‘Jose Manuel Vera Oteo <vera.josemanuel@gmail.com>’ Found the following \keyword or \concept entries which likely give several index terms: File ‘geocode_cadastral.Rd’: \keyword{cadastre,} \keyword{geocoding,} \keyword{latitude,} \keyword{longitude,} File ‘to_number.Rd’: \keyword{currency,} \keyword{euros,} \keyword{money,} File ‘to_words.Rd’: \keyword{integers,} \keyword{money,} \keyword{spanish,} Flavors: r-devel-linux-x86_64-debian-clang, r-devel-linux-x86_64-debian-gcc