Last updated on 2024-05-28 12:56:30 CEST.
Flavor | Version | Tinstall | Tcheck | Ttotal | Status | Flags |
---|---|---|---|---|---|---|
r-devel-linux-x86_64-debian-clang | 2.20.0 | 26.28 | 309.64 | 335.92 | OK | |
r-devel-linux-x86_64-debian-gcc | 2.20.0 | 21.54 | 239.03 | 260.57 | WARN | |
r-devel-linux-x86_64-fedora-clang | 2.20.0 | 429.65 | WARN | |||
r-devel-linux-x86_64-fedora-gcc | 2.20.0 | 433.63 | WARN | |||
r-devel-windows-x86_64 | 2.20.0 | 26.00 | 286.00 | 312.00 | WARN | |
r-patched-linux-x86_64 | 2.20.0 | 21.54 | 302.49 | 324.03 | WARN | |
r-release-linux-x86_64 | 2.20.0 | 18.09 | 301.47 | 319.56 | OK | |
r-release-macos-arm64 | 2.20.0 | 141.00 | OK | |||
r-release-macos-x86_64 | 2.20.0 | 335.00 | OK | |||
r-release-windows-x86_64 | 2.20.0 | 24.00 | 292.00 | 316.00 | OK | |
r-oldrel-macos-arm64 | 2.20.0 | 145.00 | OK | |||
r-oldrel-macos-x86_64 | 2.20.0 | 360.00 | OK | |||
r-oldrel-windows-x86_64 | 2.20.0 | 35.00 | 339.00 | 374.00 | OK |
Version: 2.20.0
Check: whether package can be installed
Result: WARN
Found the following significant warnings:
Warning: Fortran 2018 deleted feature: Shared DO termination label 10 at (1)
Warning: Fortran 2018 deleted feature: DO termination statement which is not END DO or CONTINUE with label 10 at (1)
Warning: Fortran 2018 deleted feature: Shared DO termination label 20 at (1)
Warning: Fortran 2018 deleted feature: DO termination statement which is not END DO or CONTINUE with label 20 at (1)
Warning: Fortran 2018 deleted feature: DO termination statement which is not END DO or CONTINUE with label 40 at (1)
Warning: Fortran 2018 deleted feature: Shared DO termination label 50 at (1)
Warning: Fortran 2018 deleted feature: DO termination statement which is not END DO or CONTINUE with label 50 at (1)
Warning: Fortran 2018 deleted feature: DO termination statement which is not END DO or CONTINUE with label 90 at (1)
Warning: Fortran 2018 deleted feature: DO termination statement which is not END DO or CONTINUE with label 30 at (1)
Warning: Fortran 2018 deleted feature: DO termination statement which is not END DO or CONTINUE with label 60 at (1)
Warning: Fortran 2018 deleted feature: DO termination statement which is not END DO or CONTINUE with label 80 at (1)
Warning: Fortran 2018 deleted feature: DO termination statement which is not END DO or CONTINUE with label 100 at (1)
Warning: Fortran 2018 deleted feature: DO termination statement which is not END DO or CONTINUE with label 120 at (1)
Warning: Fortran 2018 deleted feature: Arithmetic IF statement at (1)
Warning: Fortran 2018 deleted feature: DO termination statement which is not END DO or CONTINUE with label 110 at (1)
Warning: Fortran 2018 deleted feature: DO termination statement which is not END DO or CONTINUE with label 130 at (1)
Warning: Fortran 2018 deleted feature: Shared DO termination label 150 at (1)
Warning: Fortran 2018 deleted feature: DO termination statement which is not END DO or CONTINUE with label 150 at (1)
Warning: Fortran 2018 deleted feature: DO termination statement which is not END DO or CONTINUE with label 170 at (1)
Warning: Fortran 2018 deleted feature: DO termination statement which is not END DO or CONTINUE with label 190 at (1)
Warning: Fortran 2018 deleted feature: DO termination statement which is not END DO or CONTINUE with label 210 at (1)
Warning: Fortran 2018 deleted feature: DO termination statement which is not END DO or CONTINUE with label 220 at (1)
Warning: Fortran 2018 deleted feature: DO termination statement which is not END DO or CONTINUE with label 230 at (1)
Warning: Fortran 2018 deleted feature: DO termination statement which is not END DO or CONTINUE with label 180 at (1)
Warning: Fortran 2018 deleted feature: DO termination statement which is not END DO or CONTINUE with label 310 at (1)
Warning: Fortran 2018 deleted feature: DO termination statement which is not END DO or CONTINUE with label 340 at (1)
Warning: Fortran 2018 deleted feature: DO termination statement which is not END DO or CONTINUE with label 360 at (1)
Warning: Fortran 2018 deleted feature: DO termination statement which is not END DO or CONTINUE with label 380 at (1)
Warning: Fortran 2018 deleted feature: DO termination statement which is not END DO or CONTINUE with label 240 at (1)
Warning: Fortran 2018 deleted feature: DO termination statement which is not END DO or CONTINUE with label 260 at (1)
Warning: Fortran 2018 deleted feature: DO termination statement which is not END DO or CONTINUE with label 250 at (1)
Warning: Fortran 2018 deleted feature: DO termination statement which is not END DO or CONTINUE with label 270 at (1)
Warning: Fortran 2018 deleted feature: DO termination statement which is not END DO or CONTINUE with label 290 at (1)
Warning: Fortran 2018 deleted feature: DO termination statement which is not END DO or CONTINUE with label 510 at (1)
Warning: Fortran 2018 deleted feature: DO termination statement which is not END DO or CONTINUE with label 530 at (1)
Warning: Fortran 2018 deleted feature: DO termination statement which is not END DO or CONTINUE with label 540 at (1)
Warning: Fortran 2018 deleted feature: DO termination statement which is not END DO or CONTINUE with label 550 at (1)
Warning: Fortran 2018 deleted feature: DO termination statement which is not END DO or CONTINUE with label 570 at (1)
Warning: Fortran 2018 deleted feature: DO termination statement which is not END DO or CONTINUE with label 590 at (1)
See ‘/home/hornik/tmp/R.check/r-devel-gcc/Work/PKGS/spant.Rcheck/00install.out’ for details.
* used C compiler: ‘gcc-13 (Debian 13.2.0-25) 13.2.0’
* used Fortran compiler: ‘GNU Fortran (Debian 13.2.0-25) 13.2.0’
Flavor: r-devel-linux-x86_64-debian-gcc
Version: 2.20.0
Check: whether package can be installed
Result: WARN
Found the following significant warnings:
./lsei.f:308:7: portability: deprecated usage
./lsei.f:308:7: in the context: arithmetic IF statement
./lsei.f:386:7: portability: deprecated usage
./lsei.f:386:7: in the context: arithmetic IF statement
./lsei.f:392:7: portability: deprecated usage
./lsei.f:392:7: in the context: arithmetic IF statement
./lsei.f:399:7: portability: deprecated usage
./lsei.f:399:7: in the context: arithmetic IF statement
./lsei.f:404:7: portability: deprecated usage
./lsei.f:404:7: in the context: arithmetic IF statement
./lsei.f:416:11: portability: deprecated usage
./lsei.f:416:11: in the context: arithmetic IF statement
./lsei.f:460:11: portability: deprecated usage
./lsei.f:460:11: in the context: arithmetic IF statement
./lsei.f:629:7: portability: deprecated usage
./lsei.f:629:7: in the context: arithmetic IF statement
./lsei.f:637:7: portability: deprecated usage
./lsei.f:637:7: in the context: arithmetic IF statement
./lsei.f:2062:7: portability: deprecated usage
./lsei.f:2062:7: in the context: arithmetic IF statement
./lsei.f:2064:11: portability: deprecated usage
./lsei.f:2064:11: in the context: arithmetic IF statement
./lsei.f:82:7: portability: A DO loop should terminate with an END DO or CONTINUE
./lsei.f:85:9: portability: A DO loop should terminate with an END DO or CONTINUE
./lsei.f:89:7: portability: A DO loop should terminate with an END DO or CONTINUE
./lsei.f:91:9: portability: A DO loop should terminate with an END DO or CONTINUE
./lsei.f:99:7: portability: A DO loop should terminate with an END DO or CONTINUE
./lsei.f:105:9: portability: A DO loop should terminate with an END DO or CONTINUE
./lsei.f:109:9: portability: A DO loop should terminate with an END DO or CONTINUE
./lsei.f:127:7: portability: A DO loop should terminate with an END DO or CONTINUE
./lsei.f:165:4: portability: A DO loop should terminate with an END DO or CONTINUE
./lsei.f:171:12: portability: A DO loop should terminate with an END DO or CONTINUE
./lsei.f:177:4: portability: A DO loop should terminate with an END DO or CONTINUE
./lsei.f:186:17: portability: A DO loop should terminate with an END DO or CONTINUE
./lsei.f:197:4: portability: A DO loop should terminate with an END DO or CONTINUE
./lsei.f:202:17: portability: A DO loop should terminate with an END DO or CONTINUE
./lsei.f:384:11: portability: A DO loop should terminate with an END DO or CONTINUE
./lsei.f:389:11: portability: A DO loop should terminate with an END DO or CONTINUE
./lsei.f:413:15: portability: A DO loop should terminate with an END DO or CONTINUE
./lsei.f:419:15: portability: A DO loop should terminate with an END DO or CONTINUE
./lsei.f:450:11: portability: A DO loop should terminate with an END DO or CONTINUE
./lsei.f:467:19: portability: A DO loop should terminate with an END DO or CONTINUE
./lsei.f:480:15: portability: A DO loop should terminate with an END DO or CONTINUE
./lsei.f:504:11: portability: A DO loop should terminate with an END DO or CONTINUE
./lsei.f:507:15: portability: A DO loop should terminate with an END DO or CONTINUE
./lsei.f:514:11: portability: A DO loop should terminate with an END DO or CONTINUE
./lsei.f:515:15: portability: A DO loop should terminate with an END DO or CONTINUE
./lsei.f:523:11: portability: A DO loop should terminate with an END DO or CONTINUE
./lsei.f:534:15: portability: A DO loop should terminate with an END DO or CONTINUE
./lsei.f:539:19: portability: A DO loop should terminate with an END DO or CONTINUE
./lsei.f:547:15: portability: A DO loop should terminate with an END DO or CONTINUE
./lsei.f:549:15: portability: A DO loop should terminate with an END DO or CONTINUE
./lsei.f:591:11: portability: A DO loop should terminate with an END DO or CONTINUE
./lsei.f:607:11: portability: A DO loop should terminate with an END DO or CONTINUE
./lsei.f:608:15: portability: A DO loop should terminate with an END DO or CONTINUE
./lsei.f:615:11: portability: A DO loop should terminate with an END DO or CONTINUE
./lsei.f:632:11: portability: A DO loop should terminate with an END DO or CONTINUE
./lsei.f:639:11: portability: A DO loop should terminate with an END DO or CONTINUE
./lsei.f:641:15: portability: A DO loop should terminate with an END DO or CONTINUE
./lsei.f:646:11: portability: A DO loop should terminate with an END DO or CONTINUE
./lsei.f:874:11: portability: A DO loop should terminate with an END DO or CONTINUE
./lsei.f:894:10: portability: A DO loop should terminate with an END DO or CONTINUE
./lsei.f:924:11: portability: A DO loop should terminate with an END DO or CONTINUE
./lsei.f:933:10: portability: A DO loop should terminate with an END DO or CONTINUE
./lsei.f:957:7: portability: A DO loop should terminate with an END DO or CONTINUE
./lsei.f:974:10: portability: A DO loop should terminate with an END DO or CONTINUE
./lsei.f:1077:7: portability: A DO loop should terminate with an END DO or CONTINUE
./lsei.f:1086:7: portability: A DO loop should terminate with an END DO or CONTINUE
./lsei.f:1100:10: portability: A DO loop should terminate with an END DO or CONTINUE
./lsei.f:1103:10: portability: A DO loop should terminate with an END DO or CONTINUE
./lsei.f:1191:12: portability: A DO loop should terminate with an END DO or CONTINUE
./lsei.f:1350:17: portability: A DO loop should terminate with an END DO or CONTINUE
./lsei.f:1377:17: portability: A DO loop should terminate with an END DO or CONTINUE
./lsei.f:1384:17: portability: A DO loop should terminate with an END DO or CONTINUE
./lsei.f:1633:16: portability: A DO loop should terminate with an END DO or CONTINUE
./lsei.f:1896:10: portability: A DO loop should terminate with an END DO or CONTINUE
./lsei.f:2045:13: portability: A DO loop should terminate with an END DO or CONTINUE
./lsei.f:2072:11: portability: A DO loop should terminate with an END DO or CONTINUE
./lsei.f:2076:3: portability: A DO loop should terminate with an END DO or CONTINUE
./lsei.f:2079:11: portability: A DO loop should terminate with an END DO or CONTINUE
./lsei.f:2127:11: portability: A DO loop should terminate with an END DO or CONTINUE
./lsei.f:2142:11: portability: A DO loop should terminate with an END DO or CONTINUE
./lsei.f:2146:3: portability: A DO loop should terminate with an END DO or CONTINUE
./lsei.f:2163:11: portability: A DO loop should terminate with an END DO or CONTINUE
./lsei.f:2172:15: portability: A DO loop should terminate with an END DO or CONTINUE
./lsei.f:2179:15: portability: A DO loop should terminate with an END DO or CONTINUE
./pnnls.f:88:7: portability: A DO loop should terminate with an END DO or CONTINUE
./pnnls.f:113:13: portability: A DO loop should terminate with an END DO or CONTINUE
./pnnls.f:125:16: portability: A DO loop should terminate with an END DO or CONTINUE
./pnnls.f:131:16: portability: A DO loop should terminate with an END DO or CONTINUE
./pnnls.f:135:16: portability: A DO loop should terminate with an END DO or CONTINUE
./pnnls.f:147:7: portability: A DO loop should terminate with an END DO or CONTINUE
./pnnls.f:151:7: portability: A DO loop should terminate with an END DO or CONTINUE
./pnnls.f:175:10: portability: A DO loop should terminate with an END DO or CONTINUE
./pnnls.f:206:11: portability: A DO loop should terminate with an END DO or CONTINUE
./pnnls.f:215:10: portability: A DO loop should terminate with an END DO or CONTINUE
./pnnls.f:240:7: portability: A DO loop should terminate with an END DO or CONTINUE
./pnnls.f:257:10: portability: A DO loop should terminate with an END DO or CONTINUE
./pnnls.f:360:7: portability: A DO loop should terminate with an END DO or CONTINUE
./pnnls.f:369:7: portability: A DO loop should terminate with an END DO or CONTINUE
./pnnls.f:383:10: portability: A DO loop should terminate with an END DO or CONTINUE
./pnnls.f:386:10: portability: A DO loop should terminate with an END DO or CONTINUE
See ‘/data/gannet/ripley/R/packages/tests-clang/spant.Rcheck/00install.out’ for details.
* used C compiler: ‘clang version 18.1.6’
* used Fortran compiler: ‘flang-new version 18.1.6’
Flavor: r-devel-linux-x86_64-fedora-clang
Version: 2.20.0
Check: installed package size
Result: NOTE
installed size is 5.9Mb
sub-directories of 1Mb or more:
doc 1.6Mb
libs 2.1Mb
Flavor: r-devel-linux-x86_64-fedora-clang
Version: 2.20.0
Check: whether package can be installed
Result: WARN
Found the following significant warnings:
Warning: Fortran 2018 deleted feature: Shared DO termination label 10 at (1)
Warning: Fortran 2018 deleted feature: DO termination statement which is not END DO or CONTINUE with label 10 at (1)
Warning: Fortran 2018 deleted feature: Shared DO termination label 20 at (1)
Warning: Fortran 2018 deleted feature: DO termination statement which is not END DO or CONTINUE with label 20 at (1)
Warning: Fortran 2018 deleted feature: DO termination statement which is not END DO or CONTINUE with label 40 at (1)
Warning: Fortran 2018 deleted feature: Shared DO termination label 50 at (1)
Warning: Fortran 2018 deleted feature: DO termination statement which is not END DO or CONTINUE with label 50 at (1)
Warning: Fortran 2018 deleted feature: DO termination statement which is not END DO or CONTINUE with label 90 at (1)
Warning: Fortran 2018 deleted feature: DO termination statement which is not END DO or CONTINUE with label 30 at (1)
Warning: Fortran 2018 deleted feature: DO termination statement which is not END DO or CONTINUE with label 60 at (1)
Warning: Fortran 2018 deleted feature: DO termination statement which is not END DO or CONTINUE with label 80 at (1)
Warning: Fortran 2018 deleted feature: DO termination statement which is not END DO or CONTINUE with label 100 at (1)
Warning: Fortran 2018 deleted feature: DO termination statement which is not END DO or CONTINUE with label 120 at (1)
Warning: Fortran 2018 deleted feature: Arithmetic IF statement at (1)
Warning: Fortran 2018 deleted feature: DO termination statement which is not END DO or CONTINUE with label 110 at (1)
Warning: Fortran 2018 deleted feature: DO termination statement which is not END DO or CONTINUE with label 130 at (1)
Warning: Fortran 2018 deleted feature: Shared DO termination label 150 at (1)
Warning: Fortran 2018 deleted feature: DO termination statement which is not END DO or CONTINUE with label 150 at (1)
Warning: Fortran 2018 deleted feature: DO termination statement which is not END DO or CONTINUE with label 170 at (1)
Warning: Fortran 2018 deleted feature: DO termination statement which is not END DO or CONTINUE with label 190 at (1)
Warning: Fortran 2018 deleted feature: DO termination statement which is not END DO or CONTINUE with label 210 at (1)
Warning: Fortran 2018 deleted feature: DO termination statement which is not END DO or CONTINUE with label 220 at (1)
Warning: Fortran 2018 deleted feature: DO termination statement which is not END DO or CONTINUE with label 230 at (1)
Warning: Fortran 2018 deleted feature: DO termination statement which is not END DO or CONTINUE with label 180 at (1)
Warning: Fortran 2018 deleted feature: DO termination statement which is not END DO or CONTINUE with label 310 at (1)
Warning: Fortran 2018 deleted feature: DO termination statement which is not END DO or CONTINUE with label 340 at (1)
Warning: Fortran 2018 deleted feature: DO termination statement which is not END DO or CONTINUE with label 360 at (1)
Warning: Fortran 2018 deleted feature: DO termination statement which is not END DO or CONTINUE with label 380 at (1)
Warning: Fortran 2018 deleted feature: DO termination statement which is not END DO or CONTINUE with label 240 at (1)
Warning: Fortran 2018 deleted feature: DO termination statement which is not END DO or CONTINUE with label 260 at (1)
Warning: Fortran 2018 deleted feature: DO termination statement which is not END DO or CONTINUE with label 250 at (1)
Warning: Fortran 2018 deleted feature: DO termination statement which is not END DO or CONTINUE with label 270 at (1)
Warning: Fortran 2018 deleted feature: DO termination statement which is not END DO or CONTINUE with label 290 at (1)
Warning: Fortran 2018 deleted feature: DO termination statement which is not END DO or CONTINUE with label 510 at (1)
Warning: Fortran 2018 deleted feature: DO termination statement which is not END DO or CONTINUE with label 530 at (1)
Warning: Fortran 2018 deleted feature: DO termination statement which is not END DO or CONTINUE with label 540 at (1)
Warning: Fortran 2018 deleted feature: DO termination statement which is not END DO or CONTINUE with label 550 at (1)
Warning: Fortran 2018 deleted feature: DO termination statement which is not END DO or CONTINUE with label 570 at (1)
Warning: Fortran 2018 deleted feature: DO termination statement which is not END DO or CONTINUE with label 590 at (1)
See ‘/data/gannet/ripley/R/packages/tests-devel/spant.Rcheck/00install.out’ for details.
* used C compiler: ‘gcc-14 (GCC) 14.1.0’
* used Fortran compiler: ‘GNU Fortran (GCC) 14.1.0’
Flavor: r-devel-linux-x86_64-fedora-gcc
Version: 2.20.0
Check: whether package can be installed
Result: WARN
Found the following significant warnings:
Warning: Fortran 2018 deleted feature: Shared DO termination label 10 at (1)
Warning: Fortran 2018 deleted feature: DO termination statement which is not END DO or CONTINUE with label 10 at (1)
Warning: Fortran 2018 deleted feature: Shared DO termination label 20 at (1)
Warning: Fortran 2018 deleted feature: DO termination statement which is not END DO or CONTINUE with label 20 at (1)
Warning: Fortran 2018 deleted feature: DO termination statement which is not END DO or CONTINUE with label 40 at (1)
Warning: Fortran 2018 deleted feature: Shared DO termination label 50 at (1)
Warning: Fortran 2018 deleted feature: DO termination statement which is not END DO or CONTINUE with label 50 at (1)
Warning: Fortran 2018 deleted feature: DO termination statement which is not END DO or CONTINUE with label 90 at (1)
Warning: Fortran 2018 deleted feature: DO termination statement which is not END DO or CONTINUE with label 30 at (1)
Warning: Fortran 2018 deleted feature: DO termination statement which is not END DO or CONTINUE with label 60 at (1)
Warning: Fortran 2018 deleted feature: DO termination statement which is not END DO or CONTINUE with label 80 at (1)
Warning: Fortran 2018 deleted feature: DO termination statement which is not END DO or CONTINUE with label 100 at (1)
Warning: Fortran 2018 deleted feature: DO termination statement which is not END DO or CONTINUE with label 120 at (1)
Warning: Fortran 2018 deleted feature: Arithmetic IF statement at (1)
Warning: Fortran 2018 deleted feature: DO termination statement which is not END DO or CONTINUE with label 110 at (1)
Warning: Fortran 2018 deleted feature: DO termination statement which is not END DO or CONTINUE with label 130 at (1)
Warning: Fortran 2018 deleted feature: Shared DO termination label 150 at (1)
Warning: Fortran 2018 deleted feature: DO termination statement which is not END DO or CONTINUE with label 150 at (1)
Warning: Fortran 2018 deleted feature: DO termination statement which is not END DO or CONTINUE with label 170 at (1)
Warning: Fortran 2018 deleted feature: DO termination statement which is not END DO or CONTINUE with label 190 at (1)
Warning: Fortran 2018 deleted feature: DO termination statement which is not END DO or CONTINUE with label 210 at (1)
Warning: Fortran 2018 deleted feature: DO termination statement which is not END DO or CONTINUE with label 220 at (1)
Warning: Fortran 2018 deleted feature: DO termination statement which is not END DO or CONTINUE with label 230 at (1)
Warning: Fortran 2018 deleted feature: DO termination statement which is not END DO or CONTINUE with label 180 at (1)
Warning: Fortran 2018 deleted feature: DO termination statement which is not END DO or CONTINUE with label 310 at (1)
Warning: Fortran 2018 deleted feature: DO termination statement which is not END DO or CONTINUE with label 340 at (1)
Warning: Fortran 2018 deleted feature: DO termination statement which is not END DO or CONTINUE with label 360 at (1)
Warning: Fortran 2018 deleted feature: DO termination statement which is not END DO or CONTINUE with label 380 at (1)
Warning: Fortran 2018 deleted feature: DO termination statement which is not END DO or CONTINUE with label 240 at (1)
Warning: Fortran 2018 deleted feature: DO termination statement which is not END DO or CONTINUE with label 260 at (1)
Warning: Fortran 2018 deleted feature: DO termination statement which is not END DO or CONTINUE with label 250 at (1)
Warning: Fortran 2018 deleted feature: DO termination statement which is not END DO or CONTINUE with label 270 at (1)
Warning: Fortran 2018 deleted feature: DO termination statement which is not END DO or CONTINUE with label 290 at (1)
Warning: Fortran 2018 deleted feature: DO termination statement which is not END DO or CONTINUE with label 510 at (1)
Warning: Fortran 2018 deleted feature: DO termination statement which is not END DO or CONTINUE with label 530 at (1)
Warning: Fortran 2018 deleted feature: DO termination statement which is not END DO or CONTINUE with label 540 at (1)
Warning: Fortran 2018 deleted feature: DO termination statement which is not END DO or CONTINUE with label 550 at (1)
Warning: Fortran 2018 deleted feature: DO termination statement which is not END DO or CONTINUE with label 570 at (1)
Warning: Fortran 2018 deleted feature: DO termination statement which is not END DO or CONTINUE with label 590 at (1)
See 'd:/Rcompile/CRANpkg/local/4.5/spant.Rcheck/00install.out' for details.
* used C compiler: 'gcc.exe (GCC) 13.2.0'
* used Fortran compiler: 'GNU Fortran (GCC) 13.2.0'
Flavor: r-devel-windows-x86_64
Version: 2.20.0
Check: whether package can be installed
Result: WARN
Found the following significant warnings:
Warning: Fortran 2018 deleted feature: Shared DO termination label 10 at (1)
Warning: Fortran 2018 deleted feature: DO termination statement which is not END DO or CONTINUE with label 10 at (1)
Warning: Fortran 2018 deleted feature: Shared DO termination label 20 at (1)
Warning: Fortran 2018 deleted feature: DO termination statement which is not END DO or CONTINUE with label 20 at (1)
Warning: Fortran 2018 deleted feature: DO termination statement which is not END DO or CONTINUE with label 40 at (1)
Warning: Fortran 2018 deleted feature: Shared DO termination label 50 at (1)
Warning: Fortran 2018 deleted feature: DO termination statement which is not END DO or CONTINUE with label 50 at (1)
Warning: Fortran 2018 deleted feature: DO termination statement which is not END DO or CONTINUE with label 90 at (1)
Warning: Fortran 2018 deleted feature: DO termination statement which is not END DO or CONTINUE with label 30 at (1)
Warning: Fortran 2018 deleted feature: DO termination statement which is not END DO or CONTINUE with label 60 at (1)
Warning: Fortran 2018 deleted feature: DO termination statement which is not END DO or CONTINUE with label 80 at (1)
Warning: Fortran 2018 deleted feature: DO termination statement which is not END DO or CONTINUE with label 100 at (1)
Warning: Fortran 2018 deleted feature: DO termination statement which is not END DO or CONTINUE with label 120 at (1)
Warning: Fortran 2018 deleted feature: Arithmetic IF statement at (1)
Warning: Fortran 2018 deleted feature: DO termination statement which is not END DO or CONTINUE with label 110 at (1)
Warning: Fortran 2018 deleted feature: DO termination statement which is not END DO or CONTINUE with label 130 at (1)
Warning: Fortran 2018 deleted feature: Shared DO termination label 150 at (1)
Warning: Fortran 2018 deleted feature: DO termination statement which is not END DO or CONTINUE with label 150 at (1)
Warning: Fortran 2018 deleted feature: DO termination statement which is not END DO or CONTINUE with label 170 at (1)
Warning: Fortran 2018 deleted feature: DO termination statement which is not END DO or CONTINUE with label 190 at (1)
Warning: Fortran 2018 deleted feature: DO termination statement which is not END DO or CONTINUE with label 210 at (1)
Warning: Fortran 2018 deleted feature: DO termination statement which is not END DO or CONTINUE with label 220 at (1)
Warning: Fortran 2018 deleted feature: DO termination statement which is not END DO or CONTINUE with label 230 at (1)
Warning: Fortran 2018 deleted feature: DO termination statement which is not END DO or CONTINUE with label 180 at (1)
Warning: Fortran 2018 deleted feature: DO termination statement which is not END DO or CONTINUE with label 310 at (1)
Warning: Fortran 2018 deleted feature: DO termination statement which is not END DO or CONTINUE with label 340 at (1)
Warning: Fortran 2018 deleted feature: DO termination statement which is not END DO or CONTINUE with label 360 at (1)
Warning: Fortran 2018 deleted feature: DO termination statement which is not END DO or CONTINUE with label 380 at (1)
Warning: Fortran 2018 deleted feature: DO termination statement which is not END DO or CONTINUE with label 240 at (1)
Warning: Fortran 2018 deleted feature: DO termination statement which is not END DO or CONTINUE with label 260 at (1)
Warning: Fortran 2018 deleted feature: DO termination statement which is not END DO or CONTINUE with label 250 at (1)
Warning: Fortran 2018 deleted feature: DO termination statement which is not END DO or CONTINUE with label 270 at (1)
Warning: Fortran 2018 deleted feature: DO termination statement which is not END DO or CONTINUE with label 290 at (1)
Warning: Fortran 2018 deleted feature: DO termination statement which is not END DO or CONTINUE with label 510 at (1)
Warning: Fortran 2018 deleted feature: DO termination statement which is not END DO or CONTINUE with label 530 at (1)
Warning: Fortran 2018 deleted feature: DO termination statement which is not END DO or CONTINUE with label 540 at (1)
Warning: Fortran 2018 deleted feature: DO termination statement which is not END DO or CONTINUE with label 550 at (1)
Warning: Fortran 2018 deleted feature: DO termination statement which is not END DO or CONTINUE with label 570 at (1)
Warning: Fortran 2018 deleted feature: DO termination statement which is not END DO or CONTINUE with label 590 at (1)
See ‘/home/hornik/tmp/R.check/r-patched-gcc/Work/PKGS/spant.Rcheck/00install.out’ for details.
* used C compiler: ‘gcc-13 (Debian 13.2.0-25) 13.2.0’
* used Fortran compiler: ‘GNU Fortran (Debian 13.2.0-25) 13.2.0’
Flavor: r-patched-linux-x86_64