Last updated on 2024-05-28 12:56:30 CEST.
Flavor | Version | Tinstall | Tcheck | Ttotal | Status | Flags |
---|---|---|---|---|---|---|
r-devel-linux-x86_64-debian-clang | 1.8.6 | 38.18 | 205.97 | 244.15 | OK | |
r-devel-linux-x86_64-debian-gcc | 1.8.6 | 31.22 | 147.88 | 179.10 | OK | |
r-devel-linux-x86_64-fedora-clang | 1.8.6 | 321.98 | NOTE | |||
r-devel-linux-x86_64-fedora-gcc | 1.8.6 | 302.35 | OK | |||
r-devel-windows-x86_64 | 1.8.6 | 32.00 | 197.00 | 229.00 | OK | |
r-patched-linux-x86_64 | 1.8.6 | 48.01 | 199.47 | 247.48 | OK | |
r-release-linux-x86_64 | 1.8.6 | 37.61 | 196.60 | 234.21 | OK | |
r-release-macos-arm64 | 1.8.6 | 72.00 | NOTE | |||
r-release-macos-x86_64 | 1.8.6 | 229.00 | NOTE | |||
r-release-windows-x86_64 | 1.8.6 | 30.00 | 197.00 | 227.00 | OK | |
r-oldrel-macos-arm64 | 1.8.6 | 80.00 | NOTE | |||
r-oldrel-macos-x86_64 | 1.8.6 | 177.00 | NOTE | |||
r-oldrel-windows-x86_64 | 1.8.6 | 43.00 | 235.00 | 278.00 | OK |
Version: 1.8.6
Check: Rd cross-references
Result: NOTE
Undeclared package ‘tibble’ in Rd xrefs
Flavor: r-devel-linux-x86_64-fedora-clang
Version: 1.8.6
Check: installed package size
Result: NOTE
installed size is 5.1Mb
sub-directories of 1Mb or more:
R 2.1Mb
java 1.8Mb
Flavors: r-release-macos-arm64, r-release-macos-x86_64, r-oldrel-macos-arm64, r-oldrel-macos-x86_64
Version: 1.8.6
Check: package dependencies
Result: NOTE
Package suggested but not available for checking: ‘arrow’
Flavor: r-release-macos-x86_64