Last updated on 2025-11-28 13:50:19 CET.
| Flavor | Version | Tinstall | Tcheck | Ttotal | Status | Flags |
|---|---|---|---|---|---|---|
| r-devel-linux-x86_64-debian-clang | 0.1.4 | 15.62 | 128.91 | 144.53 | OK | |
| r-devel-linux-x86_64-debian-gcc | 0.1.4 | 11.26 | 95.72 | 106.98 | OK | |
| r-devel-linux-x86_64-fedora-clang | 0.1.4 | 33.00 | 182.56 | 215.56 | OK | |
| r-devel-linux-x86_64-fedora-gcc | 0.1.4 | 55.00 | 166.93 | 221.93 | OK | |
| r-devel-windows-x86_64 | 0.1.4 | 21.00 | 114.00 | 135.00 | OK | |
| r-patched-linux-x86_64 | 0.1.4 | 0.24 | 1.75 | 1.99 | ERROR | |
| r-release-linux-x86_64 | 0.1.4 | 14.31 | 118.17 | 132.48 | OK | |
| r-release-macos-arm64 | 0.1.4 | OK | ||||
| r-release-macos-x86_64 | 0.1.4 | 24.00 | 115.00 | 139.00 | OK | |
| r-release-windows-x86_64 | 0.1.4 | 15.00 | 122.00 | 137.00 | OK | |
| r-oldrel-macos-arm64 | 0.1.4 | OK | ||||
| r-oldrel-macos-x86_64 | 0.1.4 | 23.00 | 116.00 | 139.00 | OK | |
| r-oldrel-windows-x86_64 | 0.1.4 | 21.00 | 148.00 | 169.00 | OK |
Version: 0.1.4
Check: package dependencies
Result: ERROR
Packages required but not available: 'rgee', 'geojsonio'
See section ‘The DESCRIPTION file’ in the ‘Writing R Extensions’
manual.
Flavor: r-patched-linux-x86_64