Last updated on 2024-07-18 01:55:44 CEST.
Flavor | Version | Tinstall | Tcheck | Ttotal | Status | Flags |
---|---|---|---|---|---|---|
r-devel-linux-x86_64-debian-clang | 1.2.0 | 139.64 | 45.99 | 185.63 | NOTE | |
r-devel-linux-x86_64-debian-gcc | 1.2.0 | 100.44 | 36.26 | 136.70 | NOTE | |
r-devel-linux-x86_64-fedora-clang | 1.2.0 | 277.41 | NOTE | |||
r-devel-linux-x86_64-fedora-gcc | 1.2.0 | 301.29 | NOTE | |||
r-devel-windows-x86_64 | 1.2.0 | 119.00 | 78.00 | 197.00 | OK | |
r-patched-linux-x86_64 | 1.2.0 | 108.42 | 46.41 | 154.83 | NOTE | |
r-release-linux-x86_64 | 1.2.0 | 125.08 | 46.58 | 171.66 | NOTE | |
r-release-macos-arm64 | 1.2.0 | 59.00 | NOTE | |||
r-release-macos-x86_64 | 1.2.0 | 65.00 | NOTE | |||
r-release-windows-x86_64 | 1.2.0 | 118.00 | 85.00 | 203.00 | OK | |
r-oldrel-macos-arm64 | 1.2.0 | 63.00 | NOTE | |||
r-oldrel-macos-x86_64 | 1.2.0 | 76.00 | NOTE | |||
r-oldrel-windows-x86_64 | 1.2.0 | 143.00 | 102.00 | 245.00 | OK |
Version: 1.2.0
Check: package dependencies
Result: NOTE
Package suggested but not available for checking: ‘cooltools’
Flavors: r-devel-linux-x86_64-debian-clang, r-devel-linux-x86_64-debian-gcc, r-devel-linux-x86_64-fedora-clang, r-devel-linux-x86_64-fedora-gcc, r-patched-linux-x86_64, r-release-linux-x86_64, r-release-macos-arm64, r-release-macos-x86_64
Version: 1.2.0
Check: installed package size
Result: NOTE
installed size is 8.4Mb
sub-directories of 1Mb or more:
libs 8.3Mb
Flavors: r-release-macos-arm64, r-release-macos-x86_64, r-oldrel-macos-arm64, r-oldrel-macos-x86_64