Last updated on 2025-11-01 12:49:53 CET.
| Flavor | Version | Tinstall | Tcheck | Ttotal | Status | Flags |
|---|---|---|---|---|---|---|
| r-devel-linux-x86_64-debian-clang | 0.9.8 | 83.86 | 147.66 | 231.52 | OK | |
| r-devel-linux-x86_64-debian-gcc | 0.9.8 | 72.15 | 91.96 | 164.11 | OK | |
| r-devel-linux-x86_64-fedora-clang | 0.9.8 | 124.00 | 233.04 | 357.04 | OK | |
| r-devel-linux-x86_64-fedora-gcc | 0.9.8 | 160.00 | 252.06 | 412.06 | OK | |
| r-devel-windows-x86_64 | 0.9.8 | 83.00 | 165.00 | 248.00 | OK | |
| r-patched-linux-x86_64 | 0.9.8 | 106.72 | 141.71 | 248.43 | OK | |
| r-release-linux-x86_64 | 0.9.8 | 102.24 | 139.31 | 241.55 | OK | |
| r-release-macos-arm64 | 0.9.8 | 38.00 | 51.00 | 89.00 | OK | |
| r-release-macos-x86_64 | 0.9.8 | 59.00 | 118.00 | 177.00 | OK | |
| r-release-windows-x86_64 | 0.9.8 | 85.00 | 140127.00 | 140212.00 | OK | |
| r-oldrel-macos-arm64 | 0.9.8 | 37.00 | 54.00 | 91.00 | NOTE | |
| r-oldrel-macos-x86_64 | 0.9.8 | 55.00 | 136.00 | 191.00 | NOTE | |
| r-oldrel-windows-x86_64 | 0.9.8 | 88.00 | 237.00 | 325.00 | OK |
Version: 0.9.8
Check: installed package size
Result: NOTE
installed size is 25.5Mb
sub-directories of 1Mb or more:
libs 25.3Mb
Flavors: r-oldrel-macos-arm64, r-oldrel-macos-x86_64