Last updated on 2024-05-27 02:48:18 CEST.
Flavor | Version | Tinstall | Tcheck | Ttotal | Status | Flags |
---|---|---|---|---|---|---|
r-devel-linux-x86_64-debian-clang | 0.9.6 | 125.63 | 176.43 | 302.06 | OK | |
r-devel-linux-x86_64-debian-gcc | 0.9.6 | 103.28 | 124.74 | 228.02 | OK | |
r-devel-linux-x86_64-fedora-clang | 0.9.6 | 363.21 | OK | |||
r-devel-linux-x86_64-fedora-gcc | 0.9.6 | 410.11 | OK | |||
r-devel-windows-x86_64 | 0.9.6 | 91.00 | 156.00 | 247.00 | OK | |
r-patched-linux-x86_64 | 0.9.6 | 132.34 | 168.45 | 300.79 | OK | |
r-release-linux-x86_64 | 0.9.6 | 127.61 | 164.63 | 292.24 | OK | |
r-release-macos-arm64 | 0.9.6 | 95.00 | NOTE | |||
r-release-macos-x86_64 | 0.9.6 | 244.00 | NOTE | |||
r-release-windows-x86_64 | 0.9.6 | 94.00 | 154.00 | 248.00 | OK | |
r-oldrel-macos-arm64 | 0.9.6 | 97.00 | NOTE | |||
r-oldrel-macos-x86_64 | 0.9.6 | 226.00 | NOTE | |||
r-oldrel-windows-x86_64 | 0.9.6 | 104.00 | 205.00 | 309.00 | OK |
Version: 0.9.6
Check: installed package size
Result: NOTE
installed size is 24.1Mb
sub-directories of 1Mb or more:
libs 23.9Mb
Flavors: r-release-macos-arm64, r-release-macos-x86_64, r-oldrel-macos-arm64, r-oldrel-macos-x86_64