Last updated on 2024-05-27 02:48:18 CEST.
Flavor | Version | Tinstall | Tcheck | Ttotal | Status | Flags |
---|---|---|---|---|---|---|
r-devel-linux-x86_64-debian-clang | 3.2.6 | 20.00 | 224.06 | 244.06 | OK | |
r-devel-linux-x86_64-debian-gcc | 3.2.6 | 13.62 | 155.85 | 169.47 | WARN | |
r-devel-linux-x86_64-fedora-clang | 3.2.6 | 193.22 | WARN | |||
r-devel-linux-x86_64-fedora-gcc | 3.2.6 | 274.68 | WARN | |||
r-devel-windows-x86_64 | 3.2.6 | 17.00 | 169.00 | 186.00 | WARN | |
r-patched-linux-x86_64 | 3.2.6 | 11.73 | 212.19 | 223.92 | WARN | |
r-release-linux-x86_64 | 3.2.6 | 15.28 | 211.40 | 226.68 | OK | |
r-release-macos-arm64 | 3.2.6 | 68.00 | OK | |||
r-release-windows-x86_64 | 3.2.6 | 16.00 | 171.00 | 187.00 | OK | |
r-oldrel-macos-arm64 | 3.2.6 | 96.00 | OK | |||
r-oldrel-macos-x86_64 | 3.2.6 | 160.00 | OK | |||
r-oldrel-windows-x86_64 | 3.2.6 | 22.00 | 225.00 | 247.00 | OK |
Version: 3.2.6
Check: whether package can be installed
Result: WARN
Found the following significant warnings:
Warning: Fortran 2018 deleted feature: DO termination statement which is not END DO or CONTINUE with label 15 at (1)
Warning: Fortran 2018 deleted feature: DO termination statement which is not END DO or CONTINUE with label 16 at (1)
Warning: Fortran 2018 deleted feature: DO termination statement which is not END DO or CONTINUE with label 12 at (1)
Warning: Fortran 2018 deleted feature: DO termination statement which is not END DO or CONTINUE with label 9 at (1)
Warning: Fortran 2018 deleted feature: DO termination statement which is not END DO or CONTINUE with label 8 at (1)
Warning: Fortran 2018 deleted feature: DO termination statement which is not END DO or CONTINUE with label 56 at (1)
Warning: Fortran 2018 deleted feature: DO termination statement which is not END DO or CONTINUE with label 57 at (1)
Warning: Fortran 2018 deleted feature: DO termination statement which is not END DO or CONTINUE with label 166 at (1)
Warning: Fortran 2018 deleted feature: DO termination statement which is not END DO or CONTINUE with label 69 at (1)
Warning: Fortran 2018 deleted feature: DO termination statement which is not END DO or CONTINUE with label 91 at (1)
Warning: Fortran 2018 deleted feature: DO termination statement which is not END DO or CONTINUE with label 92 at (1)
See ‘/home/hornik/tmp/R.check/r-devel-gcc/Work/PKGS/stepp.Rcheck/00install.out’ for details.
* used C compiler: ‘gcc-13 (Debian 13.2.0-25) 13.2.0’
* used Fortran compiler: ‘GNU Fortran (Debian 13.2.0-25) 13.2.0’
Flavor: r-devel-linux-x86_64-debian-gcc
Version: 3.2.6
Check: whether package can be installed
Result: WARN
Found the following significant warnings:
./cincsub.f:48:7: portability: A DO loop should terminate with an END DO or CONTINUE
./crstm.f:94:7: portability: A DO loop should terminate with an END DO or CONTINUE
./crstm.f:96:7: portability: A DO loop should terminate with an END DO or CONTINUE
./crstm.f:102:7: portability: A DO loop should terminate with an END DO or CONTINUE
./crstm.f:112:7: portability: A DO loop should terminate with an END DO or CONTINUE
./crstm.f:114:7: portability: A DO loop should terminate with an END DO or CONTINUE
./crstm.f:131:7: portability: A DO loop should terminate with an END DO or CONTINUE
./crstm.f:135:7: portability: A DO loop should terminate with an END DO or CONTINUE
./crstm.f:160:7: portability: A DO loop should terminate with an END DO or CONTINUE
./crstm.f:176:7: portability: A DO loop should terminate with an END DO or CONTINUE
./crstm.f:223:7: portability: A DO loop should terminate with an END DO or CONTINUE
./crstm.f:227:7: portability: A DO loop should terminate with an END DO or CONTINUE
See ‘/data/gannet/ripley/R/packages/tests-clang/stepp.Rcheck/00install.out’ for details.
* used C compiler: ‘clang version 18.1.5’
* used Fortran compiler: ‘flang-new version 18.1.5’
Flavor: r-devel-linux-x86_64-fedora-clang
Version: 3.2.6
Check: whether package can be installed
Result: WARN
Found the following significant warnings:
Warning: Fortran 2018 deleted feature: DO termination statement which is not END DO or CONTINUE with label 15 at (1)
Warning: Fortran 2018 deleted feature: DO termination statement which is not END DO or CONTINUE with label 16 at (1)
Warning: Fortran 2018 deleted feature: DO termination statement which is not END DO or CONTINUE with label 12 at (1)
Warning: Fortran 2018 deleted feature: DO termination statement which is not END DO or CONTINUE with label 9 at (1)
Warning: Fortran 2018 deleted feature: DO termination statement which is not END DO or CONTINUE with label 8 at (1)
Warning: Fortran 2018 deleted feature: DO termination statement which is not END DO or CONTINUE with label 56 at (1)
Warning: Fortran 2018 deleted feature: DO termination statement which is not END DO or CONTINUE with label 57 at (1)
Warning: Fortran 2018 deleted feature: DO termination statement which is not END DO or CONTINUE with label 166 at (1)
Warning: Fortran 2018 deleted feature: DO termination statement which is not END DO or CONTINUE with label 69 at (1)
Warning: Fortran 2018 deleted feature: DO termination statement which is not END DO or CONTINUE with label 91 at (1)
Warning: Fortran 2018 deleted feature: DO termination statement which is not END DO or CONTINUE with label 92 at (1)
See ‘/data/gannet/ripley/R/packages/tests-devel/stepp.Rcheck/00install.out’ for details.
* used C compiler: ‘gcc-14 (GCC) 14.1.0’
* used Fortran compiler: ‘GNU Fortran (GCC) 14.1.0’
Flavor: r-devel-linux-x86_64-fedora-gcc
Version: 3.2.6
Check: whether package can be installed
Result: WARN
Found the following significant warnings:
Warning: Fortran 2018 deleted feature: DO termination statement which is not END DO or CONTINUE with label 15 at (1)
Warning: Fortran 2018 deleted feature: DO termination statement which is not END DO or CONTINUE with label 16 at (1)
Warning: Fortran 2018 deleted feature: DO termination statement which is not END DO or CONTINUE with label 12 at (1)
Warning: Fortran 2018 deleted feature: DO termination statement which is not END DO or CONTINUE with label 9 at (1)
Warning: Fortran 2018 deleted feature: DO termination statement which is not END DO or CONTINUE with label 8 at (1)
Warning: Fortran 2018 deleted feature: DO termination statement which is not END DO or CONTINUE with label 56 at (1)
Warning: Fortran 2018 deleted feature: DO termination statement which is not END DO or CONTINUE with label 57 at (1)
Warning: Fortran 2018 deleted feature: DO termination statement which is not END DO or CONTINUE with label 166 at (1)
Warning: Fortran 2018 deleted feature: DO termination statement which is not END DO or CONTINUE with label 69 at (1)
Warning: Fortran 2018 deleted feature: DO termination statement which is not END DO or CONTINUE with label 91 at (1)
Warning: Fortran 2018 deleted feature: DO termination statement which is not END DO or CONTINUE with label 92 at (1)
See 'd:/Rcompile/CRANpkg/local/4.5/stepp.Rcheck/00install.out' for details.
* used C compiler: 'gcc.exe (GCC) 13.2.0'
* used Fortran compiler: 'GNU Fortran (GCC) 13.2.0'
Flavor: r-devel-windows-x86_64
Version: 3.2.6
Check: whether package can be installed
Result: WARN
Found the following significant warnings:
Warning: Fortran 2018 deleted feature: DO termination statement which is not END DO or CONTINUE with label 15 at (1)
Warning: Fortran 2018 deleted feature: DO termination statement which is not END DO or CONTINUE with label 16 at (1)
Warning: Fortran 2018 deleted feature: DO termination statement which is not END DO or CONTINUE with label 12 at (1)
Warning: Fortran 2018 deleted feature: DO termination statement which is not END DO or CONTINUE with label 9 at (1)
Warning: Fortran 2018 deleted feature: DO termination statement which is not END DO or CONTINUE with label 8 at (1)
Warning: Fortran 2018 deleted feature: DO termination statement which is not END DO or CONTINUE with label 56 at (1)
Warning: Fortran 2018 deleted feature: DO termination statement which is not END DO or CONTINUE with label 57 at (1)
Warning: Fortran 2018 deleted feature: DO termination statement which is not END DO or CONTINUE with label 166 at (1)
Warning: Fortran 2018 deleted feature: DO termination statement which is not END DO or CONTINUE with label 69 at (1)
Warning: Fortran 2018 deleted feature: DO termination statement which is not END DO or CONTINUE with label 91 at (1)
Warning: Fortran 2018 deleted feature: DO termination statement which is not END DO or CONTINUE with label 92 at (1)
See ‘/home/hornik/tmp/R.check/r-patched-gcc/Work/PKGS/stepp.Rcheck/00install.out’ for details.
* used C compiler: ‘gcc-13 (Debian 13.2.0-25) 13.2.0’
* used Fortran compiler: ‘GNU Fortran (Debian 13.2.0-25) 13.2.0’
Flavor: r-patched-linux-x86_64