Last updated on 2025-10-31 13:51:04 CET.
| Flavor | Version | Tinstall | Tcheck | Ttotal | Status | Flags | 
|---|---|---|---|---|---|---|
| r-devel-linux-x86_64-debian-clang | 1.1 | 1.66 | 19.29 | 20.95 | NOTE | |
| r-devel-linux-x86_64-debian-gcc | 1.1 | 1.40 | 16.45 | 17.85 | NOTE | |
| r-devel-linux-x86_64-fedora-clang | 1.1 | 30.04 | OK | |||
| r-devel-linux-x86_64-fedora-gcc | 1.1 | 27.94 | OK | |||
| r-devel-windows-x86_64 | 1.1 | 2.00 | 40.00 | 42.00 | OK | |
| r-patched-linux-x86_64 | 1.1 | 1.43 | 18.28 | 19.71 | OK | |
| r-release-linux-x86_64 | 1.1 | 1.53 | 18.36 | 19.89 | OK | |
| r-release-macos-arm64 | 1.1 | 1.00 | 18.00 | 19.00 | OK | |
| r-release-macos-x86_64 | 1.1 | 2.00 | 22.00 | 24.00 | OK | |
| r-release-windows-x86_64 | 1.1 | 5.00 | 44.00 | 49.00 | OK | |
| r-oldrel-macos-arm64 | 1.1 | 1.00 | 14.00 | 15.00 | OK | |
| r-oldrel-macos-x86_64 | 1.1 | 1.00 | 23.00 | 24.00 | OK | |
| r-oldrel-windows-x86_64 | 1.1 | 3.00 | 40.00 | 43.00 | OK | 
Version: 1.1
Check: CRAN incoming feasibility
Result: NOTE
  Maintainer: ‘Miles Ott <miles_ott@alumni.brown.edu>’
  
  No Authors@R field in DESCRIPTION.
  Please add one, modifying
    Authors@R: person(given = "Miles",
                      family = "Ott",
                      role = c("aut", "cre"),
                      email = "miles_ott@alumni.brown.edu")
  as necessary.
Flavors: r-devel-linux-x86_64-debian-clang, r-devel-linux-x86_64-debian-gcc