Last updated on 2025-11-27 13:48:51 CET.
| Flavor | Version | Tinstall | Tcheck | Ttotal | Status | Flags |
|---|---|---|---|---|---|---|
| r-devel-linux-x86_64-debian-clang | 1.3-1 | 6.55 | 83.50 | 90.05 | NOTE | |
| r-devel-linux-x86_64-debian-gcc | 1.3-1 | 4.22 | 57.71 | 61.93 | NOTE | |
| r-devel-linux-x86_64-fedora-clang | 1.3-1 | 15.00 | 118.81 | 133.81 | OK | |
| r-devel-linux-x86_64-fedora-gcc | 1.3-1 | 15.00 | 127.39 | 142.39 | OK | |
| r-devel-windows-x86_64 | 1.3-1 | 10.00 | 93.00 | 103.00 | OK | |
| r-patched-linux-x86_64 | 1.3-1 | 7.47 | 78.30 | 85.77 | OK | |
| r-release-linux-x86_64 | 1.3-1 | 5.97 | 77.31 | 83.28 | OK | |
| r-release-macos-arm64 | 1.3-1 | OK | ||||
| r-release-macos-x86_64 | 1.3-1 | 12.00 | 100.00 | 112.00 | OK | |
| r-release-windows-x86_64 | 1.3-1 | 8.00 | 103.00 | 111.00 | OK | |
| r-oldrel-macos-arm64 | 1.3-1 | OK | ||||
| r-oldrel-macos-x86_64 | 1.3-1 | 5.00 | 60.00 | 65.00 | OK | |
| r-oldrel-windows-x86_64 | 1.3-1 | 11.00 | 113.00 | 124.00 | OK |
Version: 1.3-1
Check: CRAN incoming feasibility
Result: NOTE
Maintainer: ‘Michael Hahsler <mhahsler@lyle.smu.edu>’
The BugReports field in DESCRIPTION has
https://github.com/mhahsler/streamMOA
which should likely be
https://github.com/mhahsler/streamMOA/issues
instead.
Flavors: r-devel-linux-x86_64-debian-clang, r-devel-linux-x86_64-debian-gcc