CRAN Package Check Results for Package subgroup

Last updated on 2025-11-02 01:48:52 CET.

Flavor Version Tinstall Tcheck Ttotal Status Flags
r-devel-linux-x86_64-debian-clang 1.1 2.28 20.40 22.68 NOTE
r-devel-linux-x86_64-debian-gcc 1.1 1.76 16.49 18.25 NOTE
r-devel-linux-x86_64-fedora-clang 1.1 32.89 OK
r-devel-linux-x86_64-fedora-gcc 1.1 31.41 OK
r-devel-windows-x86_64 1.1 3.00 39.00 42.00 OK
r-patched-linux-x86_64 1.1 2.27 19.23 21.50 OK
r-release-linux-x86_64 1.1 2.03 19.08 21.11 OK
r-release-macos-arm64 1.1 1.00 13.00 14.00 OK
r-release-macos-x86_64 1.1 2.00 22.00 24.00 OK
r-release-windows-x86_64 1.1 3.00 38.00 41.00 OK
r-oldrel-macos-arm64 1.1 1.00 14.00 15.00 OK
r-oldrel-macos-x86_64 1.1 2.00 18.00 20.00 OK
r-oldrel-windows-x86_64 1.1 2.00 39.00 41.00 OK

Check Details

Version: 1.1
Check: CRAN incoming feasibility
Result: NOTE Maintainer: ‘I. Manjula Schou <im.schou@yahoo.com.au>’ No Authors@R field in DESCRIPTION. Please add one, modifying Authors@R: person(given = c("I.", "Manjula"), family = "Schou", role = c("aut", "cre"), email = "im.schou@yahoo.com.au") as necessary. Flavors: r-devel-linux-x86_64-debian-clang, r-devel-linux-x86_64-debian-gcc