Last updated on 2025-10-31 13:51:04 CET.
| Flavor | Version | Tinstall | Tcheck | Ttotal | Status | Flags | 
|---|---|---|---|---|---|---|
| r-devel-linux-x86_64-debian-clang | 2.0 | 2.36 | 23.33 | 25.69 | NOTE | |
| r-devel-linux-x86_64-debian-gcc | 2.0 | 2.21 | 18.87 | 21.08 | NOTE | |
| r-devel-linux-x86_64-fedora-clang | 2.0 | 39.29 | OK | |||
| r-devel-linux-x86_64-fedora-gcc | 2.0 | 35.78 | OK | |||
| r-devel-windows-x86_64 | 2.0 | 4.00 | 42.00 | 46.00 | OK | |
| r-patched-linux-x86_64 | 2.0 | 3.03 | 22.24 | 25.27 | OK | |
| r-release-linux-x86_64 | 2.0 | 2.61 | 21.97 | 24.58 | OK | |
| r-release-macos-arm64 | 2.0 | 2.00 | 16.00 | 18.00 | OK | |
| r-release-macos-x86_64 | 2.0 | 3.00 | 25.00 | 28.00 | OK | |
| r-release-windows-x86_64 | 2.0 | 4.00 | 44.00 | 48.00 | OK | |
| r-oldrel-macos-arm64 | 2.0 | 2.00 | 20.00 | 22.00 | OK | |
| r-oldrel-macos-x86_64 | 2.0 | 2.00 | 22.00 | 24.00 | OK | |
| r-oldrel-windows-x86_64 | 2.0 | 5.00 | 54.00 | 59.00 | OK | 
Version: 2.0
Check: CRAN incoming feasibility
Result: NOTE
  Maintainer: ‘Le Bao <lbaole17@gmail.com>’
  
  No Authors@R field in DESCRIPTION.
  Please add one, modifying
    Authors@R: c(person(family = "Le Bao",
                        role = c("aut", "cre"),
                        email = "lbaole17@gmail.com"),
                 person(given = "Jeff",
                        family = "Gill",
                        role = "aut",
                        email = "jgill@mac.com"),
                 person(given = "Tsung-han",
                        family = "Tsai",
                        role = "aut",
                        email = "thtsai@nccu.edu.tw"),
                 person(given = "Jonathan",
                        family = "Rapkin",
                        role = "aut"))
  as necessary.
Flavors: r-devel-linux-x86_64-debian-clang, r-devel-linux-x86_64-debian-gcc