Last updated on 2025-07-08 13:49:22 CEST.
Flavor | Version | Tinstall | Tcheck | Ttotal | Status | Flags |
---|---|---|---|---|---|---|
r-devel-linux-x86_64-debian-clang | 1.0.0 | 50.97 | 357.50 | 408.47 | OK | |
r-devel-linux-x86_64-debian-gcc | 1.0.0 | 31.85 | 232.83 | 264.68 | OK | |
r-devel-linux-x86_64-fedora-clang | 1.0.0 | 639.70 | OK | |||
r-devel-linux-x86_64-fedora-gcc | 1.0.0 | 615.63 | OK | |||
r-devel-windows-x86_64 | 1.0.0 | 43.00 | 281.00 | 324.00 | OK | |
r-patched-linux-x86_64 | 1.0.0 | 44.00 | 335.54 | 379.54 | OK | |
r-release-linux-x86_64 | 1.0.0 | 42.64 | 333.35 | 375.99 | OK | |
r-release-macos-arm64 | 1.0.0 | 146.00 | OK | |||
r-release-macos-x86_64 | 1.0.0 | 288.00 | OK | |||
r-release-windows-x86_64 | 1.0.0 | 44.00 | 284.00 | 328.00 | OK | |
r-oldrel-macos-arm64 | 1.0.0 | 136.00 | NOTE | |||
r-oldrel-macos-x86_64 | 1.0.0 | 212.00 | NOTE | |||
r-oldrel-windows-x86_64 | 1.0.0 | 61.00 | 392.00 | 453.00 | NOTE |
Version: 1.0.0
Check: package dependencies
Result: NOTE
Package suggested but not available for checking: ‘INLA’
Flavors: r-oldrel-macos-arm64, r-oldrel-macos-x86_64
Version: 1.0.0
Check: installed package size
Result: NOTE
installed size is 5.9Mb
sub-directories of 1Mb or more:
data 3.0Mb
doc 2.5Mb
Flavors: r-oldrel-macos-arm64, r-oldrel-macos-x86_64, r-oldrel-windows-x86_64