CRAN Package Check Results for Package svylme

Last updated on 2025-11-27 13:48:51 CET.

Flavor Version Tinstall Tcheck Ttotal Status Flags
r-devel-linux-x86_64-debian-clang 1.5-1 9.80 105.24 115.04 NOTE
r-devel-linux-x86_64-debian-gcc 1.5-1 7.10 74.04 81.14 NOTE
r-devel-linux-x86_64-fedora-clang 1.5-1 23.00 153.42 176.42 OK
r-devel-linux-x86_64-fedora-gcc 1.5-1 23.00 148.55 171.55 OK
r-devel-windows-x86_64 1.5-1 12.00 107.00 119.00 OK
r-patched-linux-x86_64 1.5-1 9.48 99.27 108.75 OK
r-release-linux-x86_64 1.5-1 9.47 103.88 113.35 OK
r-release-macos-arm64 1.5-1 OK
r-release-macos-x86_64 1.5-1 11.00 107.00 118.00 OK
r-release-windows-x86_64 1.5-1 12.00 132.00 144.00 OK
r-oldrel-macos-arm64 1.5-1 OK
r-oldrel-macos-x86_64 1.5-1 7.00 67.00 74.00 OK
r-oldrel-windows-x86_64 1.5-1 16.00 135.00 151.00 OK

Check Details

Version: 1.5-1
Check: CRAN incoming feasibility
Result: NOTE Maintainer: ‘Thomas Lumley <t.lumley@auckland.ac.nz>’ The Description field contains likelihood, as described in Lumley & Huang (2023) <arXiv:2311.13048>. Please refer to arXiv e-prints via their arXiv DOI <doi:10.48550/arXiv.YYMM.NNNNN>. Flavors: r-devel-linux-x86_64-debian-clang, r-devel-linux-x86_64-debian-gcc