Last updated on 2025-07-08 13:49:22 CEST.
Flavor | Version | Tinstall | Tcheck | Ttotal | Status | Flags |
---|---|---|---|---|---|---|
r-devel-linux-x86_64-debian-clang | 0.2.3 | 115.57 | 33.89 | 149.46 | NOTE | |
r-devel-linux-x86_64-debian-gcc | 0.2.3 | 82.50 | 26.02 | 108.52 | NOTE | |
r-devel-linux-x86_64-fedora-clang | 0.2.3 | 300.11 | OK | |||
r-devel-linux-x86_64-fedora-gcc | 0.2.3 | 265.64 | OK | |||
r-devel-windows-x86_64 | 0.2.3 | 132.00 | 72.00 | 204.00 | OK | |
r-patched-linux-x86_64 | 0.2.3 | 117.26 | 31.96 | 149.22 | OK | |
r-release-linux-x86_64 | 0.2.3 | 119.37 | 31.53 | 150.90 | OK | |
r-release-macos-arm64 | 0.2.3 | 65.00 | OK | |||
r-release-macos-x86_64 | 0.2.3 | 79.00 | OK | |||
r-release-windows-x86_64 | 0.2.3 | 139.00 | 72.00 | 211.00 | OK | |
r-oldrel-macos-arm64 | 0.2.3 | 69.00 | OK | |||
r-oldrel-macos-x86_64 | 0.2.3 | 73.00 | OK | |||
r-oldrel-windows-x86_64 | 0.2.3 | 164.00 | 87.00 | 251.00 | OK |
Version: 0.2.3
Check: CRAN incoming feasibility
Result: NOTE
Maintainer: ‘Blagoje Ivanović <blagoje.ivanovic@matf.bg.ac.rs>’
No Authors@R field in DESCRIPTION.
Please add one, modifying
Authors@R: person(given = "Blagoje",
family = "Ivanović",
role = c("aut", "cre"),
email = "blagoje.ivanovic@matf.bg.ac.rs")
as necessary.
Flavors: r-devel-linux-x86_64-debian-clang, r-devel-linux-x86_64-debian-gcc