Last updated on 2025-11-27 13:48:51 CET.
| Flavor | Version | Tinstall | Tcheck | Ttotal | Status | Flags |
|---|---|---|---|---|---|---|
| r-devel-linux-x86_64-debian-clang | 0.1.1 | 0.36 | 3.07 | 3.43 | ERROR | |
| r-devel-linux-x86_64-debian-gcc | 0.1.1 | 0.30 | 2.69 | 2.99 | ERROR | |
| r-devel-linux-x86_64-fedora-clang | 0.1.1 | 88.00 | 523.55 | 611.55 | OK | |
| r-devel-linux-x86_64-fedora-gcc | 0.1.1 | 168.00 | 461.28 | 629.28 | OK | |
| r-devel-windows-x86_64 | 0.1.1 | 49.00 | 281.00 | 330.00 | OK | |
| r-patched-linux-x86_64 | 0.1.1 | 0.36 | 1.94 | 2.30 | ERROR | |
| r-release-linux-x86_64 | 0.1.1 | 38.95 | 338.29 | 377.24 | OK | |
| r-release-macos-arm64 | 0.1.1 | OK | ||||
| r-release-macos-x86_64 | 0.1.1 | 41.00 | 170.00 | 211.00 | OK | |
| r-release-windows-x86_64 | 0.1.1 | 40.00 | 304.00 | 344.00 | OK | |
| r-oldrel-macos-arm64 | 0.1.1 | OK | ||||
| r-oldrel-macos-x86_64 | 0.1.1 | 54.00 | 221.00 | 275.00 | OK | |
| r-oldrel-windows-x86_64 | 0.1.1 | 54.00 | 386.00 | 440.00 | OK |
Version: 0.1.1
Check: package dependencies
Result: ERROR
Packages required but not available: 'geojsonio', 'mapedit'
See section ‘The DESCRIPTION file’ in the ‘Writing R Extensions’
manual.
Flavors: r-devel-linux-x86_64-debian-clang, r-devel-linux-x86_64-debian-gcc, r-patched-linux-x86_64