CRAN Package Check Results for Package tardis

Last updated on 2025-07-08 13:49:22 CEST.

Flavor Version Tinstall Tcheck Ttotal Status Flags
r-devel-linux-x86_64-debian-clang 0.1.4 6.08 38.60 44.68 NOTE
r-devel-linux-x86_64-debian-gcc 0.1.4 3.77 30.16 33.93 NOTE
r-devel-linux-x86_64-fedora-clang 0.1.4 69.73 NOTE
r-devel-linux-x86_64-fedora-gcc 0.1.4 75.84 NOTE
r-devel-windows-x86_64 0.1.4 11.00 63.00 74.00 NOTE
r-patched-linux-x86_64 0.1.4 5.37 35.39 40.76 NOTE
r-release-linux-x86_64 0.1.4 5.59 35.23 40.82 NOTE
r-release-macos-arm64 0.1.4 33.00 NOTE
r-release-macos-x86_64 0.1.4 57.00 NOTE
r-release-windows-x86_64 0.1.4 12.00 62.00 74.00 NOTE
r-oldrel-macos-arm64 0.1.4 31.00 NOTE
r-oldrel-macos-x86_64 0.1.4 46.00 NOTE
r-oldrel-windows-x86_64 0.1.4 12.00 70.00 82.00 NOTE

Check Details

Version: 0.1.4
Check: C++ specification
Result: NOTE Specified C++11: please drop specification unless essential Flavors: r-devel-linux-x86_64-debian-clang, r-devel-linux-x86_64-debian-gcc, r-devel-linux-x86_64-fedora-clang, r-devel-linux-x86_64-fedora-gcc, r-devel-windows-x86_64, r-patched-linux-x86_64, r-release-linux-x86_64, r-release-macos-arm64, r-release-macos-x86_64, r-release-windows-x86_64, r-oldrel-macos-arm64, r-oldrel-macos-x86_64, r-oldrel-windows-x86_64