Last updated on 2025-11-01 12:49:54 CET.
| Flavor | Version | Tinstall | Tcheck | Ttotal | Status | Flags |
|---|---|---|---|---|---|---|
| r-devel-linux-x86_64-debian-clang | 0.2.2 | 7.49 | 165.96 | 173.45 | NOTE | |
| r-devel-linux-x86_64-debian-gcc | 0.2.2 | 5.62 | 158.07 | 163.69 | NOTE | |
| r-devel-linux-x86_64-fedora-clang | 0.2.2 | 16.00 | 231.36 | 247.36 | NOTE | |
| r-devel-linux-x86_64-fedora-gcc | 0.2.2 | 33.00 | 255.79 | 288.79 | NOTE | |
| r-devel-windows-x86_64 | 0.2.2 | 8.00 | 166.00 | 174.00 | OK | |
| r-patched-linux-x86_64 | 0.2.2 | 6.45 | 164.25 | 170.70 | NOTE | |
| r-release-linux-x86_64 | 0.2.2 | 6.76 | 166.04 | 172.80 | NOTE | |
| r-release-macos-arm64 | 0.2.2 | 3.00 | 93.00 | 96.00 | OK | |
| r-release-macos-x86_64 | 0.2.2 | 6.00 | 182.00 | 188.00 | OK | |
| r-release-windows-x86_64 | 0.2.2 | 7.00 | 171.00 | 178.00 | OK | |
| r-oldrel-macos-arm64 | 0.2.2 | 3.00 | 77.00 | 80.00 | OK | |
| r-oldrel-macos-x86_64 | 0.2.2 | 7.00 | 311.00 | 318.00 | OK | |
| r-oldrel-windows-x86_64 | 0.2.2 | 10.00 | 212.00 | 222.00 | OK |
Version: 0.2.2
Check: Rd cross-references
Result: NOTE
Unknown package ‘ggalt’ in Rd xrefs
Flavors: r-devel-linux-x86_64-debian-clang, r-devel-linux-x86_64-debian-gcc, r-devel-linux-x86_64-fedora-clang, r-devel-linux-x86_64-fedora-gcc, r-patched-linux-x86_64, r-release-linux-x86_64